Last updated on 2023-06-10 16:53:37 CEST.
Flavor | Version | Tinstall | Tcheck | Ttotal | Status | Flags |
---|---|---|---|---|---|---|
r-devel-linux-x86_64-debian-clang | 1.2.1 | 47.01 | 217.17 | 264.18 | NOTE | |
r-devel-linux-x86_64-debian-gcc | 1.2.1 | 37.33 | 156.47 | 193.80 | NOTE | |
r-devel-linux-x86_64-fedora-clang | 1.2.1 | 322.10 | NOTE | |||
r-devel-linux-x86_64-fedora-gcc | 1.2.1 | 306.55 | NOTE | |||
r-devel-windows-x86_64 | 1.2.1 | 50.00 | 171.00 | 221.00 | NOTE | |
r-patched-linux-x86_64 | 1.2.1 | 35.85 | 199.50 | 235.35 | NOTE | |
r-release-linux-x86_64 | 1.2.1 | 49.28 | 197.80 | 247.08 | NOTE | |
r-release-macos-arm64 | 1.2.1 | 88.00 | NOTE | |||
r-release-macos-x86_64 | 1.2.1 | 144.00 | NOTE | |||
r-release-windows-x86_64 | 1.2.1 | 57.00 | 212.00 | 269.00 | NOTE | |
r-oldrel-macos-arm64 | 1.2.1 | 77.00 | NOTE | |||
r-oldrel-macos-x86_64 | 1.2.1 | 109.00 | NOTE | |||
r-oldrel-windows-x86_64 | 1.2.1 | 57.00 | 186.00 | 243.00 | NOTE |
Version: 1.2.1
Check: C++ specification
Result: NOTE
Specified C++14: please drop specification unless essential
Flavors: r-devel-linux-x86_64-debian-clang, r-devel-linux-x86_64-debian-gcc, r-devel-linux-x86_64-fedora-clang, r-devel-linux-x86_64-fedora-gcc, r-devel-windows-x86_64, r-patched-linux-x86_64, r-release-linux-x86_64, r-release-macos-arm64, r-release-macos-x86_64, r-release-windows-x86_64
Version: 1.2.1
Check: for GNU extensions in Makefiles
Result: NOTE
GNU make is a SystemRequirements.
Flavors: r-devel-linux-x86_64-debian-clang, r-devel-linux-x86_64-debian-gcc, r-devel-linux-x86_64-fedora-clang, r-devel-linux-x86_64-fedora-gcc, r-devel-windows-x86_64, r-patched-linux-x86_64, r-release-linux-x86_64, r-release-macos-arm64, r-release-macos-x86_64, r-release-windows-x86_64, r-oldrel-macos-arm64, r-oldrel-macos-x86_64, r-oldrel-windows-x86_64
Version: 1.2.1
Check: installed package size
Result: NOTE
installed size is 5.5Mb
sub-directories of 1Mb or more:
R 3.1Mb
extdata 1.3Mb
Flavors: r-release-macos-arm64, r-release-macos-x86_64, r-oldrel-macos-arm64