CRAN Package Check Results for Package hBayesDM

Last updated on 2021-10-23 05:02:36 CEST.

Flavor Version Tinstall Tcheck Ttotal Status Flags
r-devel-linux-x86_64-debian-clang 1.1.1 37.03 174.40 211.43 NOTE
r-devel-linux-x86_64-debian-gcc 1.1.1 30.06 127.23 157.29 NOTE
r-devel-linux-x86_64-fedora-clang 1.1.1 266.80 NOTE
r-devel-linux-x86_64-fedora-gcc 1.1.1 254.37 NOTE
r-devel-windows-x86_64 1.1.1 61.00 211.00 272.00 NOTE
r-devel-windows-x86_64-gcc10-UCRT 1.1.1 NOTE
r-patched-linux-x86_64 1.1.1 42.18 164.47 206.65 NOTE
r-patched-solaris-x86 1.1.1 334.80 NOTE
r-release-linux-x86_64 1.1.1 30.04 164.54 194.58 NOTE
r-release-macos-arm64 1.1.1 NOTE
r-release-macos-x86_64 1.1.1 NOTE
r-release-windows-ix86+x86_64 1.1.1 53.00 192.00 245.00 NOTE
r-oldrel-macos-x86_64 1.1.1 NOTE
r-oldrel-windows-ix86+x86_64 1.1.1 72.00 253.00 325.00 NOTE

Check Details

Version: 1.1.1
Check: for GNU extensions in Makefiles
Result: NOTE
    GNU make is a SystemRequirements.
Flavors: r-devel-linux-x86_64-debian-clang, r-devel-linux-x86_64-debian-gcc, r-devel-linux-x86_64-fedora-clang, r-devel-linux-x86_64-fedora-gcc, r-devel-windows-x86_64, r-devel-windows-x86_64-gcc10-UCRT, r-patched-linux-x86_64, r-patched-solaris-x86, r-release-linux-x86_64, r-release-macos-arm64, r-release-macos-x86_64, r-release-windows-ix86+x86_64, r-oldrel-macos-x86_64, r-oldrel-windows-ix86+x86_64

Version: 1.1.1
Check: installed package size
Result: NOTE
     installed size is 5.3Mb
     sub-directories of 1Mb or more:
     R 3.1Mb
     extdata 1.2Mb
Flavor: r-release-macos-arm64