Last updated on 2024-04-19 01:04:34 CEST.
Flavor | Version | Tinstall | Tcheck | Ttotal | Status | Flags |
---|---|---|---|---|---|---|
r-devel-linux-x86_64-debian-clang | 0.8.0 | 13.91 | 125.81 | 139.72 | OK | |
r-devel-linux-x86_64-debian-gcc | 0.8.0 | 8.92 | 91.20 | 100.12 | OK | |
r-devel-linux-x86_64-fedora-clang | 0.8.0 | 173.53 | NOTE | |||
r-devel-linux-x86_64-fedora-gcc | 0.8.0 | 171.79 | OK | |||
r-prerel-macos-arm64 | 0.8.0 | 54.00 | OK | |||
r-prerel-windows-x86_64 | 0.8.0 | 12.00 | 110.00 | 122.00 | OK | |
r-patched-linux-x86_64 | 0.8.0 | 12.63 | 117.33 | 129.96 | OK | |
r-release-linux-x86_64 | 0.8.0 | 9.44 | 117.35 | 126.79 | OK | |
r-release-macos-arm64 | 0.8.0 | 52.00 | OK | |||
r-release-macos-x86_64 | 0.8.0 | 90.00 | OK | |||
r-release-windows-x86_64 | 0.8.0 | 15.00 | 129.00 | 144.00 | OK | |
r-oldrel-macos-arm64 | 0.8.0 | 44.00 | OK | |||
r-oldrel-windows-x86_64 | 0.8.0 | 15.00 | 125.00 | 140.00 | OK |
Version: 0.8.0
Check: Rd cross-references
Result: NOTE
Undeclared package ‘mnis’ in Rd xrefs
Flavor: r-devel-linux-x86_64-fedora-clang