Last updated on 2023-02-04 01:54:23 CET.
Flavor | Version | Tinstall | Tcheck | Ttotal | Status | Flags |
---|---|---|---|---|---|---|
r-devel-linux-x86_64-debian-clang | 0.1.8 | 28.28 | 278.65 | 306.93 | OK | |
r-devel-linux-x86_64-debian-gcc | 0.1.8 | 20.44 | 195.40 | 215.84 | OK | |
r-devel-linux-x86_64-fedora-clang | 0.1.8 | 375.51 | NOTE | |||
r-devel-linux-x86_64-fedora-gcc | 0.1.8 | 393.87 | NOTE | |||
r-devel-windows-x86_64 | 0.1.8 | 94.00 | 273.00 | 367.00 | OK | |
r-patched-linux-x86_64 | 0.1.8 | 25.33 | 270.58 | 295.91 | OK | |
r-release-linux-x86_64 | 0.1.8 | 26.06 | 267.31 | 293.37 | OK | |
r-release-macos-arm64 | 0.1.8 | 78.00 | OK | |||
r-release-macos-x86_64 | 0.1.8 | 117.00 | OK | |||
r-release-windows-x86_64 | 0.1.8 | 49.00 | 267.00 | 316.00 | OK | |
r-oldrel-macos-arm64 | 0.1.8 | 74.00 | WARN | |||
r-oldrel-macos-x86_64 | 0.1.8 | 112.00 | WARN | |||
r-oldrel-windows-ix86+x86_64 | 0.1.8 | 58.00 | 279.00 | 337.00 | OK |
Version: 0.1.8
Check: data for non-ASCII characters
Result: NOTE
Note: found 8248 marked UTF-8 strings
Flavors: r-devel-linux-x86_64-fedora-clang, r-devel-linux-x86_64-fedora-gcc
Version: 0.1.8
Check: for executable files
Result: WARN
Found the following executable file:
inst/extdata/penmarch.dbf
Source packages should not contain undeclared executable files.
See section ‘Package structure’ in the ‘Writing R Extensions’ manual.
Flavors: r-oldrel-macos-arm64, r-oldrel-macos-x86_64