Last updated on 2023-11-30 16:49:24 CET.
Flavor | Version | Tinstall | Tcheck | Ttotal | Status | Flags |
---|---|---|---|---|---|---|
r-devel-linux-x86_64-debian-clang | 0.2.1 | 26.73 | 307.11 | 333.84 | OK | |
r-devel-linux-x86_64-debian-gcc | 0.2.1 | 25.38 | 222.38 | 247.76 | OK | |
r-devel-linux-x86_64-fedora-clang | 0.2.2 | 437.87 | NOTE | |||
r-devel-linux-x86_64-fedora-gcc | 0.2.2 | 435.70 | NOTE | |||
r-devel-windows-x86_64 | 0.2.1 | 25.00 | 183.00 | 208.00 | OK | |
r-patched-linux-x86_64 | 0.2.1 | 27.14 | 283.53 | 310.67 | OK | |
r-release-linux-x86_64 | 0.2.1 | 26.24 | 285.28 | 311.52 | OK | |
r-release-macos-arm64 | 0.2.2 | 104.00 | OK | |||
r-release-macos-x86_64 | 0.2.1 | 376.00 | OK | |||
r-release-windows-x86_64 | 0.2.2 | 29.00 | 254.00 | 283.00 | OK | |
r-oldrel-macos-arm64 | 0.2.2 | 103.00 | OK | |||
r-oldrel-macos-x86_64 | 0.2.0 | 125.00 | OK | |||
r-oldrel-windows-x86_64 | 0.2.1 | 33.00 | 242.00 | 275.00 | OK |
Version: 0.2.2
Check: data for non-ASCII characters
Result: NOTE
Note: found 7592 marked UTF-8 strings
Flavors: r-devel-linux-x86_64-fedora-clang, r-devel-linux-x86_64-fedora-gcc