Last updated on 2023-06-05 16:54:56 CEST.
Flavor | Version | Tinstall | Tcheck | Ttotal | Status | Flags |
---|---|---|---|---|---|---|
r-devel-linux-x86_64-debian-clang | 0.1.1 | 52.77 | 92.97 | 145.74 | NOTE | |
r-devel-linux-x86_64-debian-gcc | 0.1.1 | 42.17 | 69.96 | 112.13 | NOTE | |
r-devel-linux-x86_64-fedora-clang | 0.1.1 | 194.44 | NOTE | |||
r-devel-linux-x86_64-fedora-gcc | 0.1.1 | 203.14 | NOTE | |||
r-devel-windows-x86_64 | 0.1.1 | 43.00 | 113.00 | 156.00 | NOTE | |
r-patched-linux-x86_64 | 0.1.1 | 37.53 | 88.21 | 125.74 | NOTE | |
r-release-linux-x86_64 | 0.1.1 | 41.66 | 87.33 | 128.99 | NOTE | |
r-release-macos-arm64 | 0.1.1 | 63.00 | NOTE | |||
r-release-macos-x86_64 | 0.1.1 | 104.00 | NOTE | |||
r-release-windows-x86_64 | 0.1.1 | 55.00 | 128.00 | 183.00 | NOTE | |
r-oldrel-macos-arm64 | 0.1.1 | 67.00 | NOTE | |||
r-oldrel-macos-x86_64 | 0.1.1 | 79.00 | NOTE | |||
r-oldrel-windows-x86_64 | 0.1.1 | 54.00 | 130.00 | 184.00 | OK |
Version: 0.1.1
Check: C++ specification
Result: NOTE
Specified C++11: please drop specification unless essential
Flavors: r-devel-linux-x86_64-debian-clang, r-devel-linux-x86_64-debian-gcc, r-devel-linux-x86_64-fedora-clang, r-devel-linux-x86_64-fedora-gcc, r-devel-windows-x86_64, r-patched-linux-x86_64, r-release-linux-x86_64, r-release-macos-arm64, r-release-macos-x86_64, r-release-windows-x86_64
Version: 0.1.1
Check: dependencies in R code
Result: NOTE
Namespace in Imports field not imported from: ‘tidyr’
All declared Imports should be used.
Flavors: r-devel-linux-x86_64-fedora-clang, r-devel-linux-x86_64-fedora-gcc, r-oldrel-macos-arm64, r-oldrel-macos-x86_64
Version: 0.1.1
Check: installed package size
Result: NOTE
installed size is 6.9Mb
sub-directories of 1Mb or more:
doc 1.2Mb
libs 5.2Mb
Flavors: r-release-macos-arm64, r-release-macos-x86_64, r-oldrel-macos-arm64, r-oldrel-macos-x86_64