Last updated on 2024-03-28 23:55:08 CET.
Flavor | Version | Tinstall | Tcheck | Ttotal | Status | Flags |
---|---|---|---|---|---|---|
r-devel-linux-x86_64-debian-clang | 0.6.0 | 4.74 | 51.01 | 55.75 | OK | |
r-devel-linux-x86_64-debian-gcc | 0.6.0 | 3.44 | 37.98 | 41.42 | OK | |
r-devel-linux-x86_64-fedora-clang | 0.6.0 | 70.91 | NOTE | |||
r-devel-linux-x86_64-fedora-gcc | 0.6.0 | 80.54 | OK | |||
r-devel-windows-x86_64 | 0.6.0 | 7.00 | 67.00 | 74.00 | NOTE | |
r-patched-linux-x86_64 | 0.6.0 | 5.32 | 49.54 | 54.86 | OK | |
r-release-linux-x86_64 | 0.6.0 | 3.22 | 47.76 | 50.98 | OK | |
r-release-macos-arm64 | 0.6.0 | 41.00 | NOTE | |||
r-release-macos-x86_64 | 0.6.0 | 80.00 | NOTE | |||
r-release-windows-x86_64 | 0.6.0 | 6.00 | 73.00 | 79.00 | NOTE | |
r-oldrel-macos-arm64 | 0.6.0 | 40.00 | NOTE | |||
r-oldrel-windows-x86_64 | 0.6.0 | 8.00 | 74.00 | 82.00 | NOTE |
Version: 0.6.0
Check: installed package size
Result: NOTE
installed size is 5.2Mb
sub-directories of 1Mb or more:
doc 4.8Mb
Flavors: r-devel-linux-x86_64-fedora-clang, r-devel-windows-x86_64, r-release-macos-arm64, r-release-macos-x86_64, r-release-windows-x86_64, r-oldrel-macos-arm64, r-oldrel-windows-x86_64