Last updated on 2024-04-19 01:04:34 CEST.
Flavor | Version | Tinstall | Tcheck | Ttotal | Status | Flags |
---|---|---|---|---|---|---|
r-devel-linux-x86_64-debian-clang | 0.1.0 | 4.02 | 34.42 | 38.44 | NOTE | |
r-devel-linux-x86_64-debian-gcc | 0.1.0 | 2.65 | 26.76 | 29.41 | NOTE | |
r-devel-linux-x86_64-fedora-clang | 0.1.0 | 48.86 | NOTE | |||
r-devel-linux-x86_64-fedora-gcc | 0.1.0 | 58.19 | NOTE | |||
r-prerel-macos-arm64 | 0.1.0 | 27.00 | NOTE | |||
r-prerel-windows-x86_64 | 0.1.0 | 6.00 | 48.00 | 54.00 | NOTE | |
r-patched-linux-x86_64 | 0.1.0 | 3.61 | 33.77 | 37.38 | NOTE | |
r-release-linux-x86_64 | 0.1.0 | 2.65 | 32.23 | 34.88 | NOTE | |
r-release-macos-arm64 | 0.1.0 | 27.00 | NOTE | |||
r-release-macos-x86_64 | 0.1.0 | 37.00 | NOTE | |||
r-release-windows-x86_64 | 0.1.0 | 7.00 | 49.00 | 56.00 | NOTE | |
r-oldrel-macos-arm64 | 0.1.0 | 20.00 | NOTE | |||
r-oldrel-windows-x86_64 | 0.1.0 | 8.00 | 53.00 | 61.00 | NOTE |
Version: 0.1.0
Check: LazyData
Result: NOTE
'LazyData' is specified without a 'data' directory
Flavors: r-devel-linux-x86_64-debian-clang, r-devel-linux-x86_64-debian-gcc, r-devel-linux-x86_64-fedora-clang, r-devel-linux-x86_64-fedora-gcc, r-prerel-macos-arm64, r-prerel-windows-x86_64, r-patched-linux-x86_64, r-release-linux-x86_64, r-release-macos-arm64, r-release-macos-x86_64, r-release-windows-x86_64, r-oldrel-macos-arm64, r-oldrel-windows-x86_64
Version: 0.1.0
Check: installed package size
Result: NOTE
installed size is 5.6Mb
sub-directories of 1Mb or more:
doc 2.7Mb
htmlwidgets 2.8Mb
Flavors: r-devel-linux-x86_64-fedora-clang, r-prerel-macos-arm64, r-prerel-windows-x86_64, r-release-macos-arm64, r-release-macos-x86_64, r-release-windows-x86_64, r-oldrel-macos-arm64, r-oldrel-windows-x86_64