CRAN Package Check Results for Package hdbinseg

Last updated on 2022-07-03 00:52:31 CEST.

Flavor Version Tinstall Tcheck Ttotal Status Flags
r-devel-linux-x86_64-debian-clang 1.0.1 25.02 42.46 67.48 NOTE
r-devel-linux-x86_64-debian-gcc 1.0.1 23.83 31.60 55.43 NOTE
r-devel-linux-x86_64-fedora-clang 1.0.1 105.31 NOTE
r-devel-linux-x86_64-fedora-gcc 1.0.1 101.34 NOTE
r-devel-windows-x86_64 1.0.1 90.00 84.00 174.00 NOTE
r-patched-linux-x86_64 1.0.1 26.29 40.97 67.26 NOTE
r-release-linux-x86_64 1.0.1 24.70 40.40 65.10 NOTE
r-release-macos-arm64 1.0.1 31.00 NOTE
r-release-macos-x86_64 1.0.1 37.00 NOTE
r-release-windows-x86_64 1.0.1 29.00 84.00 113.00 NOTE
r-oldrel-macos-arm64 1.0.1 37.00 NOTE
r-oldrel-macos-x86_64 1.0.1 49.00 NOTE
r-oldrel-windows-ix86+x86_64 1.0.1 69.00 90.00 159.00 NOTE

Check Details

Version: 1.0.1
Check: LazyData
Result: NOTE
     'LazyData' is specified without a 'data' directory
Flavors: r-devel-linux-x86_64-debian-clang, r-devel-linux-x86_64-debian-gcc, r-devel-linux-x86_64-fedora-clang, r-devel-linux-x86_64-fedora-gcc, r-devel-windows-x86_64, r-patched-linux-x86_64, r-release-linux-x86_64, r-release-macos-arm64, r-release-macos-x86_64, r-release-windows-x86_64, r-oldrel-macos-arm64, r-oldrel-macos-x86_64, r-oldrel-windows-ix86+x86_64