CRAN Package Check Results for Package hdbm

Last updated on 2024-05-21 00:57:12 CEST.

Flavor Version Tinstall Tcheck Ttotal Status Flags
r-devel-linux-x86_64-debian-clang 0.9.0 31.72 46.90 78.62 NOTE
r-devel-linux-x86_64-debian-gcc 0.9.0 26.24 35.86 62.10 NOTE
r-devel-linux-x86_64-fedora-clang 0.9.0 119.54 NOTE
r-devel-linux-x86_64-fedora-gcc 0.9.0 124.20 NOTE
r-devel-windows-x86_64 0.9.0 27.00 77.00 104.00 NOTE
r-patched-linux-x86_64 0.9.0 38.49 45.52 84.01 NOTE
r-release-linux-x86_64 0.9.0 33.62 45.12 78.74 NOTE
r-release-macos-arm64 0.9.0 49.00 NOTE
r-release-windows-x86_64 0.9.0 28.00 76.00 104.00 NOTE
r-oldrel-macos-arm64 0.9.0 46.00 NOTE
r-oldrel-macos-x86_64 0.9.0 69.00 NOTE
r-oldrel-windows-x86_64 0.9.0 36.00 85.00 121.00 NOTE

Check Details

Version: 0.9.0
Check: C++ specification
Result: NOTE Specified C++11: please drop specification unless essential Flavors: r-devel-linux-x86_64-debian-clang, r-devel-linux-x86_64-debian-gcc, r-devel-linux-x86_64-fedora-clang, r-devel-linux-x86_64-fedora-gcc, r-devel-windows-x86_64, r-patched-linux-x86_64, r-release-linux-x86_64, r-release-macos-arm64, r-release-windows-x86_64, r-oldrel-macos-arm64, r-oldrel-macos-x86_64, r-oldrel-windows-x86_64