Last updated on 2024-04-25 07:59:54 CEST.
Flavor | Version | Tinstall | Tcheck | Ttotal | Status | Flags |
---|---|---|---|---|---|---|
r-devel-linux-x86_64-debian-clang | 3.4 | 5.09 | 52.98 | 58.07 | OK | |
r-devel-linux-x86_64-debian-gcc | 3.4 | 5.51 | 37.50 | 43.01 | OK | |
r-devel-linux-x86_64-fedora-clang | 3.4 | 72.02 | OK | |||
r-devel-linux-x86_64-fedora-gcc | 3.4 | 69.09 | OK | |||
r-devel-windows-x86_64 | 3.4 | 9.00 | 66.00 | 75.00 | NOTE | |
r-patched-linux-x86_64 | 3.4 | 7.47 | 48.21 | 55.68 | OK | |
r-release-linux-x86_64 | 3.4 | 7.12 | 50.62 | 57.74 | OK | |
r-release-macos-arm64 | 3.4 | 26.00 | OK | |||
r-release-windows-x86_64 | 3.4 | 10.00 | 65.00 | 75.00 | NOTE | |
r-oldrel-macos-arm64 | 3.4 | 26.00 | OK | |||
r-oldrel-macos-x86_64 | 3.4 | 37.00 | OK | |||
r-oldrel-windows-x86_64 | 3.4 | 12.00 | 72.00 | 84.00 | NOTE |
Version: 3.4
Check: C++ specification
Result: NOTE
Specified C++11: please drop specification unless essential
Flavors: r-devel-windows-x86_64, r-release-windows-x86_64, r-oldrel-windows-x86_64