CRAN Package Check Results for Package healthfinance

Last updated on 2021-09-25 04:57:37 CEST.

Flavor Version Tinstall Tcheck Ttotal Status Flags
r-devel-linux-x86_64-debian-clang 0.1.0 6.45 66.01 72.46 NOTE
r-devel-linux-x86_64-debian-gcc 0.1.0 5.06 49.66 54.72 NOTE
r-devel-linux-x86_64-fedora-clang 0.1.0 92.84 NOTE
r-devel-linux-x86_64-fedora-gcc 0.1.0 85.94 NOTE
r-devel-windows-x86_64 0.1.0 9.00 59.00 68.00 NOTE
r-devel-windows-x86_64-gcc10-UCRT 0.1.0 NOTE
r-patched-linux-x86_64 0.1.0 5.45 60.91 66.36 NOTE
r-patched-solaris-x86 0.1.0 122.10 NOTE
r-release-linux-x86_64 0.1.0 4.81 61.29 66.10 NOTE
r-release-macos-arm64 0.1.0 NOTE
r-release-macos-x86_64 0.1.0 NOTE
r-release-windows-ix86+x86_64 0.1.0 18.00 61.00 79.00 NOTE
r-oldrel-macos-x86_64 0.1.0 OK
r-oldrel-windows-ix86+x86_64 0.1.0 13.00 60.00 73.00 OK

Check Details

Version: 0.1.0
Check: LazyData
Result: NOTE
     'LazyData' is specified without a 'data' directory
Flavors: r-devel-linux-x86_64-debian-clang, r-devel-linux-x86_64-debian-gcc, r-devel-linux-x86_64-fedora-clang, r-devel-linux-x86_64-fedora-gcc, r-devel-windows-x86_64, r-devel-windows-x86_64-gcc10-UCRT, r-patched-linux-x86_64, r-patched-solaris-x86, r-release-linux-x86_64, r-release-macos-arm64, r-release-macos-x86_64, r-release-windows-ix86+x86_64