CRAN Package Check Results for Package healthfinance

Last updated on 2023-05-28 22:00:12 CEST.

Flavor Version Tinstall Tcheck Ttotal Status Flags
r-devel-linux-x86_64-debian-clang 0.1.0 8.11 68.84 76.95 NOTE
r-devel-linux-x86_64-debian-gcc 0.1.0 5.32 50.81 56.13 NOTE
r-devel-linux-x86_64-fedora-clang 0.1.0 97.14 NOTE
r-devel-linux-x86_64-fedora-gcc 0.1.0 85.94 NOTE
r-devel-windows-x86_64 0.1.0 11.00 67.00 78.00 NOTE
r-patched-linux-x86_64 0.1.0 7.31 63.70 71.01 NOTE
r-release-linux-x86_64 0.1.0 7.88 65.01 72.89 NOTE
r-release-macos-arm64 0.1.0 32.00 NOTE
r-release-macos-x86_64 0.1.0 46.00 NOTE
r-release-windows-x86_64 0.1.0 10.00 76.00 86.00 NOTE
r-oldrel-macos-arm64 0.1.0 27.00 NOTE
r-oldrel-macos-x86_64 0.1.0 57.00 NOTE
r-oldrel-windows-x86_64 0.1.0 10.00 79.00 89.00 NOTE

Check Details

Version: 0.1.0
Check: LazyData
Result: NOTE
     'LazyData' is specified without a 'data' directory
Flavors: r-devel-linux-x86_64-debian-clang, r-devel-linux-x86_64-debian-gcc, r-devel-linux-x86_64-fedora-clang, r-devel-linux-x86_64-fedora-gcc, r-devel-windows-x86_64, r-patched-linux-x86_64, r-release-linux-x86_64, r-release-macos-arm64, r-release-macos-x86_64, r-release-windows-x86_64, r-oldrel-macos-arm64, r-oldrel-macos-x86_64, r-oldrel-windows-x86_64