Last updated on 2024-04-18 16:49:56 CEST.
Flavor | Version | Tinstall | Tcheck | Ttotal | Status | Flags |
---|---|---|---|---|---|---|
r-devel-linux-x86_64-debian-clang | 1.0.3 | 22.87 | 39.63 | 62.50 | OK | |
r-devel-linux-x86_64-debian-gcc | 1.0.3 | 19.33 | 28.88 | 48.21 | OK | |
r-devel-linux-x86_64-fedora-clang | 1.0.3 | 76.62 | OK | |||
r-devel-linux-x86_64-fedora-gcc | 1.0.3 | 74.60 | OK | |||
r-prerel-macos-arm64 | 1.0.3 | 36.00 | NOTE | |||
r-prerel-windows-x86_64 | 1.0.3 | 22.00 | 52.00 | 74.00 | OK | |
r-patched-linux-x86_64 | 1.0.3 | 22.49 | 38.64 | 61.13 | OK | |
r-release-linux-x86_64 | 1.0.3 | 18.00 | 36.93 | 54.93 | OK | |
r-release-macos-arm64 | 1.0.3 | 42.00 | OK | |||
r-release-macos-x86_64 | 1.0.3 | 69.00 | NOTE | |||
r-release-windows-x86_64 | 1.0.3 | 28.00 | 56.00 | 84.00 | OK | |
r-oldrel-macos-arm64 | 1.0.3 | 40.00 | OK | |||
r-oldrel-windows-x86_64 | 1.0.3 | 28.00 | 60.00 | 88.00 | OK |
Version: 1.0.3
Check: installed package size
Result: NOTE
installed size is 5.2Mb
sub-directories of 1Mb or more:
data 4.9Mb
Flavors: r-prerel-macos-arm64, r-release-macos-x86_64