Last updated on 2024-03-27 23:59:45 CET.
Flavor | Version | Tinstall | Tcheck | Ttotal | Status | Flags |
---|---|---|---|---|---|---|
r-devel-linux-x86_64-debian-clang | 0.2.1 | 10.95 | 112.00 | 122.95 | OK | |
r-devel-linux-x86_64-debian-gcc | 0.2.1 | 9.56 | 87.81 | 97.37 | OK | |
r-devel-linux-x86_64-fedora-clang | 0.2.1 | 166.66 | NOTE | |||
r-devel-linux-x86_64-fedora-gcc | 0.2.1 | 169.16 | OK | |||
r-devel-windows-x86_64 | 0.2.1 | 12.00 | 108.00 | 120.00 | NOTE | |
r-patched-linux-x86_64 | 0.2.1 | 7.43 | 114.25 | 121.68 | OK | |
r-release-linux-x86_64 | 0.2.1 | 7.57 | 109.04 | 116.61 | OK | |
r-release-macos-arm64 | 0.2.1 | 52.00 | NOTE | |||
r-release-macos-x86_64 | 0.2.1 | 98.00 | NOTE | |||
r-release-windows-x86_64 | 0.2.1 | 16.00 | 129.00 | 145.00 | NOTE | |
r-oldrel-macos-arm64 | 0.2.1 | 50.00 | NOTE | |||
r-oldrel-windows-x86_64 | 0.2.1 | 16.00 | 138.00 | 154.00 | NOTE |
Version: 0.2.1
Check: installed package size
Result: NOTE
installed size is 5.5Mb
sub-directories of 1Mb or more:
data 1.4Mb
doc 3.8Mb
Flavors: r-devel-linux-x86_64-fedora-clang, r-devel-windows-x86_64, r-release-macos-arm64, r-release-macos-x86_64, r-release-windows-x86_64, r-oldrel-macos-arm64, r-oldrel-windows-x86_64