Last updated on 2024-04-24 00:55:45 CEST.
Flavor | Version | Tinstall | Tcheck | Ttotal | Status | Flags |
---|---|---|---|---|---|---|
r-devel-linux-x86_64-debian-clang | 0.3.0 | 26.53 | 252.51 | 279.04 | OK | |
r-devel-linux-x86_64-debian-gcc | 0.3.0 | 16.33 | 182.55 | 198.88 | OK | |
r-devel-linux-x86_64-fedora-clang | 0.3.0 | 352.99 | NOTE | |||
r-devel-linux-x86_64-fedora-gcc | 0.3.0 | 333.78 | OK | |||
r-prerel-macos-arm64 | 0.3.0 | 90.00 | NOTE | |||
r-prerel-windows-x86_64 | 0.3.0 | 24.00 | 209.00 | 233.00 | NOTE | |
r-patched-linux-x86_64 | 0.3.0 | 0.76 | 2.46 | 3.22 | ERROR | |
r-release-linux-x86_64 | 0.3.0 | 0.92 | 2.12 | 3.04 | ERROR | |
r-release-macos-arm64 | 0.3.0 | 92.00 | NOTE | |||
r-release-macos-x86_64 | 0.3.0 | 242.00 | NOTE | |||
r-release-windows-x86_64 | 0.3.0 | 26.00 | 270.00 | 296.00 | NOTE | |
r-oldrel-macos-arm64 | 0.3.0 | 98.00 | NOTE | |||
r-oldrel-windows-x86_64 | 0.3.0 | 30.00 | 251.00 | 281.00 | NOTE |
Version: 0.3.0
Check: installed package size
Result: NOTE
installed size is 6.2Mb
sub-directories of 1Mb or more:
doc 5.2Mb
Flavors: r-devel-linux-x86_64-fedora-clang, r-prerel-macos-arm64, r-prerel-windows-x86_64, r-release-macos-arm64, r-release-macos-x86_64, r-release-windows-x86_64, r-oldrel-macos-arm64, r-oldrel-windows-x86_64
Version: 0.3.0
Check: package dependencies
Result: ERROR
Package required but not available: ‘modeltime’
Package suggested but not available for checking: ‘healthyR.ai’
See section ‘The DESCRIPTION file’ in the ‘Writing R Extensions’
manual.
Flavors: r-patched-linux-x86_64, r-release-linux-x86_64