CRAN Package Check Results for Package healthyR.ts

Last updated on 2021-10-19 16:50:33 CEST.

Flavor Version Tinstall Tcheck Ttotal Status Flags
r-devel-linux-x86_64-debian-clang 0.1.3 4.32 83.04 87.36 OK
r-devel-linux-x86_64-debian-gcc 0.1.3 3.29 59.64 62.93 OK
r-devel-linux-x86_64-fedora-clang 0.1.3 112.38 NOTE
r-devel-linux-x86_64-fedora-gcc 0.1.3 103.77 NOTE
r-devel-windows-x86_64 0.1.3 8.00 110.00 118.00 OK
r-devel-windows-x86_64-gcc10-UCRT 0.1.3 NOTE
r-patched-linux-x86_64 0.1.3 4.08 77.62 81.70 OK
r-patched-solaris-x86 0.1.3 130.90 NOTE
r-release-linux-x86_64 0.1.3 4.15 75.24 79.39 OK
r-release-macos-arm64 0.1.3 NOTE
r-release-macos-x86_64 0.1.3 NOTE
r-release-windows-ix86+x86_64 0.1.3 12.00 109.00 121.00 OK
r-oldrel-macos-x86_64 0.1.3 NOTE
r-oldrel-windows-ix86+x86_64 0.1.3 12.00 118.00 130.00 OK

Check Details

Version: 0.1.3
Check: dependencies in R code
Result: NOTE
    Namespace in Imports field not imported from: ‘earth’
     All declared Imports should be used.
Flavors: r-devel-linux-x86_64-fedora-clang, r-devel-linux-x86_64-fedora-gcc, r-devel-windows-x86_64-gcc10-UCRT, r-patched-solaris-x86, r-release-macos-arm64, r-release-macos-x86_64, r-oldrel-macos-x86_64