Last updated on 2024-03-28 23:55:08 CET.
Flavor | Version | Tinstall | Tcheck | Ttotal | Status | Flags |
---|---|---|---|---|---|---|
r-devel-linux-x86_64-debian-clang | 0.4.6 | 38.19 | 205.98 | 244.17 | NOTE | |
r-devel-linux-x86_64-debian-gcc | 0.4.6 | 31.14 | 195.27 | 226.41 | NOTE | |
r-devel-linux-x86_64-fedora-clang | 0.4.6 | 360.34 | NOTE | |||
r-devel-linux-x86_64-fedora-gcc | 0.4.6 | 357.06 | NOTE | |||
r-devel-windows-x86_64 | 0.4.6 | 33.00 | 187.00 | 220.00 | NOTE | |
r-patched-linux-x86_64 | 0.4.6 | 39.93 | 246.56 | 286.49 | NOTE | |
r-release-linux-x86_64 | 0.4.6 | 34.72 | 244.29 | 279.01 | NOTE | |
r-release-macos-arm64 | 0.4.6 | 101.00 | NOTE | |||
r-release-macos-x86_64 | 0.4.6 | 160.00 | NOTE | |||
r-release-windows-x86_64 | 0.4.6 | 40.00 | 233.00 | 273.00 | NOTE | |
r-oldrel-macos-arm64 | 0.4.6 | 82.00 | OK | |||
r-oldrel-windows-x86_64 | 0.4.6 | 37.00 | 230.00 | 267.00 | OK |
Version: 0.4.6
Check: C++ specification
Result: NOTE
Specified C++11: please drop specification unless essential
Flavors: r-devel-linux-x86_64-debian-clang, r-devel-linux-x86_64-debian-gcc, r-devel-linux-x86_64-fedora-clang, r-devel-linux-x86_64-fedora-gcc, r-devel-windows-x86_64, r-patched-linux-x86_64, r-release-linux-x86_64, r-release-macos-arm64, r-release-macos-x86_64, r-release-windows-x86_64
Version: 0.4.6
Check: Rd files
Result: NOTE
checkRd: (-1) category.Rd:117-118: Lost braces in \enumerate; meant \describe ?
checkRd: (-1) category.Rd:119-120: Lost braces in \enumerate; meant \describe ?
checkRd: (-1) category.Rd:121: Lost braces in \enumerate; meant \describe ?
checkRd: (-1) category.Rd:122-123: Lost braces in \enumerate; meant \describe ?
Flavors: r-devel-linux-x86_64-debian-clang, r-devel-linux-x86_64-debian-gcc, r-devel-linux-x86_64-fedora-clang, r-devel-linux-x86_64-fedora-gcc, r-devel-windows-x86_64, r-patched-linux-x86_64