Last updated on 2023-12-10 08:48:26 CET.
Flavor | Version | Tinstall | Tcheck | Ttotal | Status | Flags |
---|---|---|---|---|---|---|
r-devel-linux-x86_64-debian-clang | 1.0.3 | 3.80 | 236.09 | 239.89 | NOTE | |
r-devel-linux-x86_64-debian-gcc | 1.0.3 | 3.17 | 163.84 | 167.01 | NOTE | |
r-devel-linux-x86_64-fedora-clang | 1.0.3 | 282.15 | OK | |||
r-devel-linux-x86_64-fedora-gcc | 1.0.3 | 286.23 | OK | |||
r-devel-windows-x86_64 | 1.0.3 | 5.00 | 183.00 | 188.00 | OK | |
r-patched-linux-x86_64 | 1.0.3 | 4.12 | 221.47 | 225.59 | OK | |
r-release-linux-x86_64 | 1.0.3 | 2.46 | 220.45 | 222.91 | OK | |
r-release-macos-arm64 | 1.0.3 | 86.00 | OK | |||
r-release-macos-x86_64 | 1.0.3 | 136.00 | OK | |||
r-release-windows-x86_64 | 1.0.3 | 6.00 | 225.00 | 231.00 | OK | |
r-oldrel-macos-arm64 | 1.0.3 | 69.00 | OK | |||
r-oldrel-macos-x86_64 | 1.0.3 | 106.00 | OK | |||
r-oldrel-windows-x86_64 | 1.0.3 | 6.00 | 224.00 | 230.00 | OK |
Version: 1.0.3
Check: Rd files
Result: NOTE
checkRd: (-1) predictPair.Rd:20: Lost braces; missing escapes or markup?
20 | A number in the set {-1, 0, 1}, where 1 means row1 is predicted to
| ^
checkRd: (-1) predictPairInternal.Rd:18: Lost braces; missing escapes or markup?
18 | A number in the set {-1, 0, 1}, where 1 means row1 is predicted to
| ^
Flavors: r-devel-linux-x86_64-debian-clang, r-devel-linux-x86_64-debian-gcc