CRAN Package Check Results for Package hgutils

Last updated on 2023-06-10 00:54:47 CEST.

Flavor Version Tinstall Tcheck Ttotal Status Flags
r-devel-linux-x86_64-debian-clang 0.2.11 8.66 76.37 85.03 OK
r-devel-linux-x86_64-debian-gcc 0.2.11 6.80 56.92 63.72 OK
r-devel-linux-x86_64-fedora-clang 0.2.11 108.49 NOTE
r-devel-linux-x86_64-fedora-gcc 0.2.11 103.98 NOTE
r-devel-windows-x86_64 0.2.11 10.00 78.00 88.00 OK
r-patched-linux-x86_64 0.2.11 7.85 69.98 77.83 OK
r-release-linux-x86_64 0.2.11 8.04 70.00 78.04 OK
r-release-macos-arm64 0.2.11 39.00 OK
r-release-macos-x86_64 0.2.11 50.00 OK
r-release-windows-x86_64 0.2.11 10.00 89.00 99.00 OK
r-oldrel-macos-arm64 0.2.11 35.00 NOTE
r-oldrel-macos-x86_64 0.2.11 57.00 NOTE
r-oldrel-windows-x86_64 0.2.11 12.00 91.00 103.00 OK

Check Details

Version: 0.2.11
Check: dependencies in R code
Result: NOTE
    Namespace in Imports field not imported from: ‘usethis’
     All declared Imports should be used.
Flavors: r-devel-linux-x86_64-fedora-clang, r-devel-linux-x86_64-fedora-gcc, r-oldrel-macos-arm64, r-oldrel-macos-x86_64