CRAN Package Check Results for Package hgutils

Last updated on 2024-06-22 00:57:59 CEST.

Flavor Version Tinstall Tcheck Ttotal Status Flags
r-devel-linux-x86_64-debian-clang 0.2.11 10.00 75.19 85.19 NOTE
r-devel-linux-x86_64-debian-gcc 0.2.11 6.66 55.06 61.72 NOTE
r-devel-linux-x86_64-fedora-clang 0.2.11 104.36 NOTE
r-devel-linux-x86_64-fedora-gcc 0.2.11 98.00 NOTE
r-devel-windows-x86_64 0.2.11 10.00 80.00 90.00 NOTE
r-patched-linux-x86_64 0.2.11 8.40 71.69 80.09 NOTE
r-release-linux-x86_64 0.2.11 6.39 72.33 78.72 NOTE
r-release-macos-arm64 0.2.11 31.00 OK
r-release-macos-x86_64 0.2.11 47.00 OK
r-release-windows-x86_64 0.2.11 9.00 79.00 88.00 NOTE
r-oldrel-macos-arm64 0.2.11 39.00 OK
r-oldrel-macos-x86_64 0.2.11 50.00 OK
r-oldrel-windows-x86_64 0.2.11 11.00 94.00 105.00 OK

Check Details

Version: 0.2.11
Check: HTML version of manual
Result: NOTE Found the following HTML validation problems: get_breaks.html:78:1 (get_breaks.Rd:37): Warning: trimming empty <dt> Flavors: r-devel-linux-x86_64-debian-clang, r-devel-linux-x86_64-debian-gcc, r-devel-linux-x86_64-fedora-clang, r-devel-linux-x86_64-fedora-gcc, r-devel-windows-x86_64, r-patched-linux-x86_64, r-release-linux-x86_64, r-release-windows-x86_64

Version: 0.2.11
Check: dependencies in R code
Result: NOTE Namespace in Imports field not imported from: ‘usethis’ All declared Imports should be used. Flavors: r-devel-linux-x86_64-fedora-clang, r-devel-linux-x86_64-fedora-gcc