Last updated on 2024-04-20 00:56:10 CEST.
Flavor | Version | Tinstall | Tcheck | Ttotal | Status | Flags |
---|---|---|---|---|---|---|
r-devel-linux-x86_64-debian-clang | 0.5-11 | 5.81 | 193.43 | 199.24 | NOTE | |
r-devel-linux-x86_64-debian-gcc | 0.5-11 | NOTE | ||||
r-devel-linux-x86_64-fedora-clang | 0.5-11 | 250.95 | NOTE | |||
r-devel-linux-x86_64-fedora-gcc | 0.5-11 | 269.78 | NOTE | |||
r-prerel-macos-arm64 | 0.5-11 | 70.00 | NOTE | |||
r-prerel-windows-x86_64 | 0.5-11 | 9.00 | 173.00 | 182.00 | NOTE | |
r-patched-linux-x86_64 | 0.5-11 | 9.33 | 189.84 | 199.17 | NOTE | |
r-release-linux-x86_64 | 0.5-11 | 5.53 | 190.94 | 196.47 | OK | |
r-release-macos-arm64 | 0.5-11 | 79.00 | OK | |||
r-release-macos-x86_64 | 0.5-11 | 131.00 | OK | |||
r-release-windows-x86_64 | 0.5-11 | 10.00 | 196.00 | 206.00 | OK | |
r-oldrel-macos-arm64 | 0.5-11 | 64.00 | OK | |||
r-oldrel-windows-x86_64 | 0.5-11 | 11.00 | 195.00 | 206.00 | OK |
Version: 0.5-11
Check: Rd files
Result: NOTE
checkRd: (-1) read.VCF.Rd:21: Lost braces
21 | Reads a \url{https://samtools.github.io/hts-specs/}{Variant Call Format (VCF)} file into a BED object,
| ^
Flavors: r-devel-linux-x86_64-debian-clang, r-devel-linux-x86_64-debian-gcc, r-devel-linux-x86_64-fedora-clang, r-devel-linux-x86_64-fedora-gcc, r-prerel-macos-arm64, r-prerel-windows-x86_64, r-patched-linux-x86_64