Last updated on 2024-04-20 08:50:56 CEST.
Flavor | Version | Tinstall | Tcheck | Ttotal | Status | Flags |
---|---|---|---|---|---|---|
r-devel-linux-x86_64-debian-clang | 1.4.9 | 16.04 | 139.45 | 155.49 | NOTE | |
r-devel-linux-x86_64-debian-gcc | 1.4.9 | 12.37 | 100.39 | 112.76 | NOTE | |
r-devel-linux-x86_64-fedora-clang | 1.4.9 | 188.52 | OK | |||
r-devel-linux-x86_64-fedora-gcc | 1.4.9 | 180.58 | OK | |||
r-prerel-macos-arm64 | 1.4.9 | 52.00 | NOTE | |||
r-prerel-windows-x86_64 | 1.4.9 | 12.00 | 118.00 | 130.00 | OK | |
r-patched-linux-x86_64 | 1.4.9 | 9.55 | 128.62 | 138.17 | NOTE | |
r-release-linux-x86_64 | 1.4.9 | 9.77 | 132.09 | 141.86 | NOTE | |
r-release-macos-arm64 | 1.4.9 | 59.00 | NOTE | |||
r-release-macos-x86_64 | 1.4.9 | 108.00 | NOTE | |||
r-release-windows-x86_64 | 1.4.9 | 17.00 | 140.00 | 157.00 | NOTE | |
r-oldrel-macos-arm64 | 1.4.9 | 58.00 | NOTE | |||
r-oldrel-windows-x86_64 | 1.4.9 | 17.00 | 140.00 | 157.00 | NOTE |
Version: 1.4.9
Check: package dependencies
Result: NOTE
Package suggested but not available for checking: ‘INLA’
Flavors: r-devel-linux-x86_64-debian-clang, r-devel-linux-x86_64-debian-gcc, r-prerel-macos-arm64, r-patched-linux-x86_64, r-release-linux-x86_64, r-release-macos-arm64, r-release-macos-x86_64, r-release-windows-x86_64, r-oldrel-macos-arm64, r-oldrel-windows-x86_64