Last updated on 2024-03-27 23:59:46 CET.
Flavor | Version | Tinstall | Tcheck | Ttotal | Status | Flags |
---|---|---|---|---|---|---|
r-devel-linux-x86_64-debian-clang | 0.9.0 | 42.75 | 169.28 | 212.03 | NOTE | |
r-devel-linux-x86_64-debian-gcc | 0.9.0 | 33.05 | 140.93 | 173.98 | NOTE | |
r-devel-linux-x86_64-fedora-clang | 0.9.0 | 288.38 | NOTE | |||
r-devel-linux-x86_64-fedora-gcc | 0.9.0 | 308.68 | NOTE | |||
r-devel-windows-x86_64 | 0.9.0 | 36.00 | 184.00 | 220.00 | NOTE | |
r-patched-linux-x86_64 | 0.9.0 | 45.03 | 186.15 | 231.18 | NOTE | |
r-release-linux-x86_64 | 0.9.0 | 38.01 | 174.48 | 212.49 | NOTE | |
r-release-macos-arm64 | 0.9.0 | 137.00 | NOTE | |||
r-release-macos-x86_64 | 0.9.0 | 180.00 | NOTE | |||
r-release-windows-x86_64 | 0.9.0 | 42.00 | 196.00 | 238.00 | NOTE | |
r-oldrel-macos-arm64 | 0.9.0 | 122.00 | OK | |||
r-oldrel-windows-x86_64 | 0.9.0 | 41.00 | 205.00 | 246.00 | OK |
Version: 0.9.0
Check: C++ specification
Result: NOTE
Specified C++11: please drop specification unless essential
Flavors: r-devel-linux-x86_64-debian-clang, r-devel-linux-x86_64-debian-gcc, r-devel-linux-x86_64-fedora-clang, r-devel-linux-x86_64-fedora-gcc, r-devel-windows-x86_64, r-patched-linux-x86_64, r-release-linux-x86_64, r-release-macos-arm64, r-release-macos-x86_64, r-release-windows-x86_64