Last updated on 2023-05-28 22:00:12 CEST.
Flavor | Version | Tinstall | Tcheck | Ttotal | Status | Flags |
---|---|---|---|---|---|---|
r-devel-linux-x86_64-debian-clang | 0.2.3 | 139.96 | 50.91 | 190.87 | NOTE | |
r-devel-linux-x86_64-debian-gcc | 0.2.3 | 119.33 | 38.62 | 157.95 | NOTE | |
r-devel-linux-x86_64-fedora-clang | 0.2.3 | 297.25 | NOTE | |||
r-devel-linux-x86_64-fedora-gcc | 0.2.3 | 292.93 | NOTE | |||
r-devel-windows-x86_64 | 0.2.3 | 132.00 | 79.00 | 211.00 | NOTE | |
r-patched-linux-x86_64 | 0.2.3 | 129.70 | 48.71 | 178.41 | NOTE | |
r-release-linux-x86_64 | 0.2.3 | 128.81 | 48.99 | 177.80 | NOTE | |
r-release-macos-arm64 | 0.2.3 | 72.00 | NOTE | |||
r-release-macos-x86_64 | 0.2.3 | 120.00 | NOTE | |||
r-release-windows-x86_64 | 0.2.3 | 169.00 | 93.00 | 262.00 | NOTE | |
r-oldrel-macos-arm64 | 0.2.3 | 74.00 | NOTE | |||
r-oldrel-macos-x86_64 | 0.2.3 | 90.00 | OK | |||
r-oldrel-windows-x86_64 | 0.2.3 | 164.00 | 88.00 | 252.00 | OK |
Version: 0.2.3
Check: C++ specification
Result: NOTE
Specified C++11: please drop specification unless essential
Flavors: r-devel-linux-x86_64-debian-clang, r-devel-linux-x86_64-debian-gcc, r-devel-linux-x86_64-fedora-clang, r-devel-linux-x86_64-fedora-gcc, r-devel-windows-x86_64, r-patched-linux-x86_64, r-release-linux-x86_64, r-release-macos-arm64, r-release-macos-x86_64, r-release-windows-x86_64
Version: 0.2.3
Check: installed package size
Result: NOTE
installed size is 5.2Mb
sub-directories of 1Mb or more:
libs 4.8Mb
Flavors: r-release-macos-arm64, r-oldrel-macos-arm64