CRAN Package Check Results for Package hkevp

Last updated on 2023-12-09 08:49:44 CET.

Flavor Version Tinstall Tcheck Ttotal Status Flags
r-devel-linux-x86_64-debian-clang 1.1.5 55.96 35.31 91.27 OK
r-devel-linux-x86_64-debian-gcc 1.1.5 41.97 27.46 69.43 OK
r-devel-linux-x86_64-fedora-clang 1.1.5 128.60 OK
r-devel-linux-x86_64-fedora-gcc 1.1.5 130.70 OK
r-devel-windows-x86_64 1.1.5 39.00 73.00 112.00 OK
r-patched-linux-x86_64 1.1.5 47.57 35.93 83.50 OK
r-release-linux-x86_64 1.1.5 52.16 34.78 86.94 OK
r-release-macos-arm64 1.1.5 38.00 NOTE
r-release-macos-x86_64 1.1.5 77.00 NOTE
r-release-windows-x86_64 1.1.5 52.00 79.00 131.00 OK
r-oldrel-macos-arm64 1.1.5 40.00 NOTE
r-oldrel-macos-x86_64 1.1.5 44.00 NOTE
r-oldrel-windows-x86_64 1.1.5 48.00 74.00 122.00 OK

Check Details

Version: 1.1.5
Check: installed package size
Result: NOTE installed size is 5.5Mb sub-directories of 1Mb or more: libs 5.3Mb Flavors: r-release-macos-arm64, r-release-macos-x86_64, r-oldrel-macos-arm64, r-oldrel-macos-x86_64