CRAN Package Check Results for Package hkex.api

Last updated on 2021-12-02 00:49:12 CET.

Flavor Version Tinstall Tcheck Ttotal Status Flags
r-devel-linux-x86_64-debian-clang 0.1 3.86 34.09 37.95 NOTE
r-devel-linux-x86_64-debian-gcc 0.1 3.14 26.97 30.11 NOTE
r-devel-linux-x86_64-fedora-clang 0.1 56.24 NOTE
r-devel-linux-x86_64-fedora-gcc 0.1 46.17 NOTE
r-devel-windows-x86_64-new-UL 0.1 8.00 76.00 84.00 NOTE
r-devel-windows-x86_64-new-TK 0.1 NOTE
r-devel-windows-x86_64-old 0.1 6.00 41.00 47.00 NOTE
r-patched-linux-x86_64 0.1 4.05 33.11 37.16 NOTE
r-patched-solaris-x86 0.1 70.00 NOTE
r-release-linux-x86_64 0.1 3.84 33.90 37.74 NOTE
r-release-macos-arm64 0.1 NOTE
r-release-macos-x86_64 0.1 NOTE
r-release-windows-ix86+x86_64 0.1 9.00 58.00 67.00 NOTE
r-oldrel-macos-x86_64 0.1 OK
r-oldrel-windows-ix86+x86_64 0.1 9.00 53.00 62.00 OK

Check Details

Version: 0.1
Check: LazyData
Result: NOTE
     'LazyData' is specified without a 'data' directory
Flavors: r-devel-linux-x86_64-debian-clang, r-devel-linux-x86_64-debian-gcc, r-devel-linux-x86_64-fedora-clang, r-devel-linux-x86_64-fedora-gcc, r-devel-windows-x86_64-new-UL, r-devel-windows-x86_64-new-TK, r-devel-windows-x86_64-old, r-patched-linux-x86_64, r-patched-solaris-x86, r-release-linux-x86_64, r-release-macos-arm64, r-release-macos-x86_64, r-release-windows-ix86+x86_64