Last updated on 2023-06-04 08:57:11 CEST.
Flavor | Version | Tinstall | Tcheck | Ttotal | Status | Flags |
---|---|---|---|---|---|---|
r-devel-linux-x86_64-debian-clang | 0.1 | 4.47 | 36.65 | 41.12 | NOTE | |
r-devel-linux-x86_64-debian-gcc | 0.1 | 3.12 | 29.06 | 32.18 | NOTE | |
r-devel-linux-x86_64-fedora-clang | 0.1 | 52.03 | NOTE | |||
r-devel-linux-x86_64-fedora-gcc | 0.1 | 48.93 | NOTE | |||
r-devel-windows-x86_64 | 0.1 | 4.00 | 53.00 | 57.00 | NOTE | |
r-patched-linux-x86_64 | 0.1 | 3.58 | 37.09 | 40.67 | NOTE | |
r-release-linux-x86_64 | 0.1 | 4.04 | 36.43 | 40.47 | NOTE | |
r-release-macos-arm64 | 0.1 | 23.00 | NOTE | |||
r-release-macos-x86_64 | 0.1 | 28.00 | NOTE | |||
r-release-windows-x86_64 | 0.1 | 5.00 | 55.00 | 60.00 | NOTE | |
r-oldrel-macos-arm64 | 0.1 | 21.00 | NOTE | |||
r-oldrel-macos-x86_64 | 0.1 | 28.00 | NOTE | |||
r-oldrel-windows-x86_64 | 0.1 | 5.00 | 61.00 | 66.00 | NOTE |
Version: 0.1
Check: LazyData
Result: NOTE
'LazyData' is specified without a 'data' directory
Flavors: r-devel-linux-x86_64-debian-clang, r-devel-linux-x86_64-debian-gcc, r-devel-linux-x86_64-fedora-clang, r-devel-linux-x86_64-fedora-gcc, r-devel-windows-x86_64, r-patched-linux-x86_64, r-release-linux-x86_64, r-release-macos-arm64, r-release-macos-x86_64, r-release-windows-x86_64, r-oldrel-macos-arm64, r-oldrel-macos-x86_64, r-oldrel-windows-x86_64