CRAN Package Check Results for Package hmgm

Last updated on 2021-10-27 16:49:06 CEST.

Flavor Version Tinstall Tcheck Ttotal Status Flags
r-devel-linux-x86_64-debian-clang 1.0.3 12.66 101.39 114.05 OK
r-devel-linux-x86_64-debian-gcc 1.0.3 9.85 76.25 86.10 OK
r-devel-linux-x86_64-fedora-clang 1.0.3 145.71 NOTE
r-devel-linux-x86_64-fedora-gcc 1.0.3 134.05 NOTE
r-devel-windows-x86_64 1.0.3 18.00 124.00 142.00 OK
r-devel-windows-x86_64-gcc10-UCRT 1.0.3 NOTE
r-patched-linux-x86_64 1.0.3 12.74 100.63 113.37 OK
r-patched-solaris-x86 1.0.3 198.20 NOTE
r-release-linux-x86_64 1.0.3 11.76 100.62 112.38 OK
r-release-macos-arm64 1.0.3 NOTE
r-release-macos-x86_64 1.0.3 NOTE
r-release-windows-ix86+x86_64 1.0.3 17.00 119.00 136.00 OK
r-oldrel-macos-x86_64 1.0.3 NOTE
r-oldrel-windows-ix86+x86_64 1.0.3 28.00 129.00 157.00 OK

Check Details

Version: 1.0.3
Check: dependencies in R code
Result: NOTE
    Namespaces in Imports field not imported from:
     ‘Rcpp’ ‘methods’ ‘rgl’
     All declared Imports should be used.
Flavors: r-devel-linux-x86_64-fedora-clang, r-devel-linux-x86_64-fedora-gcc, r-devel-windows-x86_64-gcc10-UCRT, r-patched-solaris-x86, r-release-macos-arm64, r-release-macos-x86_64, r-oldrel-macos-x86_64