Last updated on 2024-03-28 23:55:09 CET.
Flavor | Version | Tinstall | Tcheck | Ttotal | Status | Flags |
---|---|---|---|---|---|---|
r-devel-linux-x86_64-debian-clang | 1.2 | 3.63 | 51.40 | 55.03 | NOTE | |
r-devel-linux-x86_64-debian-gcc | 1.2 | 2.85 | 39.50 | 42.35 | NOTE | |
r-devel-linux-x86_64-fedora-clang | 1.2 | 71.58 | NOTE | |||
r-devel-linux-x86_64-fedora-gcc | 1.2 | 83.66 | NOTE | |||
r-devel-windows-x86_64 | 1.2 | 5.00 | 65.00 | 70.00 | NOTE | |
r-patched-linux-x86_64 | 1.2 | 2.18 | 52.68 | 54.86 | NOTE | |
r-release-linux-x86_64 | 1.2 | 3.67 | 48.48 | 52.15 | OK | |
r-release-macos-arm64 | 1.2 | 35.00 | OK | |||
r-release-macos-x86_64 | 1.2 | 50.00 | OK | |||
r-release-windows-x86_64 | 1.2 | 5.00 | 68.00 | 73.00 | OK | |
r-oldrel-macos-arm64 | 1.2 | 24.00 | OK | |||
r-oldrel-windows-x86_64 | 1.2 | 7.00 | 76.00 | 83.00 | OK |
Version: 1.2
Check: Rd files
Result: NOTE
checkRd: (-1) hd.ord.Rd:43: Lost braces in \itemize; \value handles \item{}{} directly
checkRd: (-1) hd.ord.Rd:44: Lost braces in \itemize; \value handles \item{}{} directly
checkRd: (-1) hd.ord.Rd:45: Lost braces in \itemize; \value handles \item{}{} directly
checkRd: (-1) hd.ord.Rd:46: Lost braces in \itemize; \value handles \item{}{} directly
checkRd: (-1) hd.ord.Rd:47: Lost braces in \itemize; \value handles \item{}{} directly
checkRd: (-1) hd.ord.Rd:48: Lost braces in \itemize; \value handles \item{}{} directly
checkRd: (-1) hd.ord.Rd:49: Lost braces in \itemize; \value handles \item{}{} directly
checkRd: (-1) hd.ord.Rd:50: Lost braces in \itemize; \value handles \item{}{} directly
checkRd: (-1) hd.ord.Rd:51: Lost braces in \itemize; \value handles \item{}{} directly
checkRd: (-1) hd.ord.Rd:52: Lost braces in \itemize; \value handles \item{}{} directly
checkRd: (-1) hd.ord.Rd:53: Lost braces in \itemize; \value handles \item{}{} directly
checkRd: (-1) hd.ord.Rd:54: Lost braces in \itemize; \value handles \item{}{} directly
checkRd: (-1) hd.ord.Rd:55: Lost braces in \itemize; \value handles \item{}{} directly
checkRd: (-1) hd.ord.Rd:56: Lost braces in \itemize; \value handles \item{}{} directly
checkRd: (-1) hot.deck.Rd:39: Lost braces in \itemize; \value handles \item{}{} directly
checkRd: (-1) hot.deck.Rd:40: Lost braces in \itemize; \value handles \item{}{} directly
checkRd: (-1) hot.deck.Rd:41: Lost braces in \itemize; \value handles \item{}{} directly
checkRd: (-1) hot.deck.Rd:42: Lost braces in \itemize; \value handles \item{}{} directly
checkRd: (-1) hot.deck.Rd:43: Lost braces in \itemize; \value handles \item{}{} directly
checkRd: (-1) hot.deck.Rd:44: Lost braces in \itemize; \value handles \item{}{} directly
Flavors: r-devel-linux-x86_64-debian-clang, r-devel-linux-x86_64-debian-gcc, r-devel-linux-x86_64-fedora-clang, r-devel-linux-x86_64-fedora-gcc, r-devel-windows-x86_64, r-patched-linux-x86_64