CRAN Package Check Results for Package hpa

Last updated on 2022-01-20 16:51:22 CET.

Flavor Version Tinstall Tcheck Ttotal Status Flags
r-devel-linux-x86_64-debian-clang 1.2.1 OK
r-devel-linux-x86_64-debian-gcc 1.2.1 153.90 33.94 187.84 OK
r-devel-linux-x86_64-fedora-clang 1.2.1 400.05 NOTE
r-devel-linux-x86_64-fedora-gcc 1.2.1 347.31 OK
r-devel-windows-x86_64-new-UL 1.2.1 174.00 92.00 266.00 OK
r-devel-windows-x86_64-new-TK 1.2.1 OK
r-patched-linux-x86_64 1.2.1 182.92 41.92 224.84 OK
r-release-linux-x86_64 1.2.1 182.46 43.39 225.85 OK
r-release-macos-arm64 1.2.1 NOTE
r-release-macos-x86_64 1.2.1 NOTE
r-release-windows-ix86+x86_64 1.2.1 490.00 91.00 581.00 OK
r-oldrel-macos-x86_64 1.2.1 NOTE
r-oldrel-windows-ix86+x86_64 1.2.1 488.00 91.00 579.00 OK

Check Details

Version: 1.2.1
Check: installed package size
Result: NOTE
     installed size is 14.0Mb
     sub-directories of 1Mb or more:
     libs 13.7Mb
Flavors: r-devel-linux-x86_64-fedora-clang, r-release-macos-arm64, r-release-macos-x86_64, r-oldrel-macos-x86_64