Last updated on 2024-04-19 01:04:35 CEST.
Flavor | Version | Tinstall | Tcheck | Ttotal | Status | Flags |
---|---|---|---|---|---|---|
r-devel-linux-x86_64-debian-clang | 1.3.3 | 266.61 | 43.00 | 309.61 | OK | |
r-devel-linux-x86_64-debian-gcc | 1.3.3 | 214.19 | 32.69 | 246.88 | OK | |
r-devel-linux-x86_64-fedora-clang | 1.3.3 | 407.88 | OK | |||
r-devel-linux-x86_64-fedora-gcc | 1.3.3 | 479.39 | OK | |||
r-prerel-macos-arm64 | 1.3.3 | 80.00 | NOTE | |||
r-prerel-windows-x86_64 | 1.3.3 | 196.00 | 89.00 | 285.00 | OK | |
r-patched-linux-x86_64 | 1.3.3 | 254.25 | 41.82 | 296.07 | OK | |
r-release-linux-x86_64 | 1.3.3 | 263.02 | 40.03 | 303.05 | OK | |
r-release-macos-arm64 | 1.3.3 | 84.00 | NOTE | |||
r-release-macos-x86_64 | 1.3.3 | 102.00 | NOTE | |||
r-release-windows-x86_64 | 1.3.3 | 223.00 | 98.00 | 321.00 | OK | |
r-oldrel-macos-arm64 | 1.3.3 | 84.00 | NOTE | |||
r-oldrel-windows-x86_64 | 1.3.3 | 222.00 | 88.00 | 310.00 | OK |
Version: 1.3.3
Check: installed package size
Result: NOTE
installed size is 15.1Mb
sub-directories of 1Mb or more:
libs 14.8Mb
Flavors: r-prerel-macos-arm64, r-release-macos-arm64, r-release-macos-x86_64, r-oldrel-macos-arm64