CRAN Package Check Results for Package hsphase

Last updated on 2024-06-22 09:49:00 CEST.

Flavor Version Tinstall Tcheck Ttotal Status Flags
r-devel-linux-x86_64-debian-clang 2.0.3 86.22 58.86 145.08 OK
r-devel-linux-x86_64-debian-gcc 2.0.3 50.32 44.60 94.92 OK
r-devel-linux-x86_64-fedora-clang 2.0.3 212.99 NOTE
r-devel-linux-x86_64-fedora-gcc 2.0.3 207.12 NOTE
r-devel-windows-x86_64 2.0.3 62.00 100.00 162.00 OK
r-patched-linux-x86_64 2.0.3 62.35 58.52 120.87 OK
r-release-linux-x86_64 2.0.3 62.84 59.07 121.91 OK
r-release-macos-arm64 2.0.3 52.00 OK
r-release-macos-x86_64 2.0.3 62.00 OK
r-release-windows-x86_64 2.0.3 66.00 104.00 170.00 OK
r-oldrel-macos-arm64 2.0.3 54.00 OK
r-oldrel-macos-x86_64 2.0.3 106.00 OK
r-oldrel-windows-x86_64 2.0.3 75.00 107.00 182.00 OK

Check Details

Version: 2.0.3
Check: compiled code
Result: NOTE File ‘hsphase/libs/hsphase.so’: Found no calls to: ‘R_registerRoutines’, ‘R_useDynamicSymbols’ It is good practice to register native routines and to disable symbol search. See ‘Writing portable packages’ in the ‘Writing R Extensions’ manual. Flavors: r-devel-linux-x86_64-fedora-clang, r-devel-linux-x86_64-fedora-gcc