CRAN Package Check Results for Package hsphase

Last updated on 2024-02-21 00:54:30 CET.

Flavor Version Tinstall Tcheck Ttotal Status Flags
r-devel-linux-x86_64-debian-clang 2.0.3 OK
r-devel-linux-x86_64-debian-gcc 2.0.3 57.88 44.04 101.92 OK
r-devel-linux-x86_64-fedora-clang 2.0.3 211.49 NOTE
r-devel-linux-x86_64-fedora-gcc 2.0.3 197.74 NOTE
r-devel-windows-x86_64 2.0.3 63.00 101.00 164.00 OK
r-patched-linux-x86_64 2.0.2 74.13 57.01 131.14 OK
r-release-linux-x86_64 2.0.3 73.08 56.63 129.71 OK
r-release-macos-arm64 2.0.3 54.00 OK
r-release-macos-x86_64 2.0.3 106.00 OK
r-release-windows-x86_64 2.0.3 76.00 114.00 190.00 OK
r-oldrel-macos-arm64 2.0.3 52.00 OK
r-oldrel-windows-x86_64 2.0.3 72.00 104.00 176.00 OK

Check Details

Version: 2.0.3
Check: compiled code
Result: NOTE File ‘hsphase/libs/hsphase.so’: Found no calls to: ‘R_registerRoutines’, ‘R_useDynamicSymbols’ It is good practice to register native routines and to disable symbol search. See ‘Writing portable packages’ in the ‘Writing R Extensions’ manual. Flavors: r-devel-linux-x86_64-fedora-clang, r-devel-linux-x86_64-fedora-gcc