CRAN Package Check Results for Package hspm

Last updated on 2023-12-03 08:50:10 CET.

Flavor Version Tinstall Tcheck Ttotal Status Flags
r-devel-linux-x86_64-debian-clang 1.1 17.59 139.92 157.51 OK
r-devel-linux-x86_64-debian-gcc 1.1 11.48 103.77 115.25 OK
r-devel-linux-x86_64-fedora-clang 1.1 195.01 OK
r-devel-linux-x86_64-fedora-gcc 1.1 186.88 OK
r-devel-windows-x86_64 1.1 15.00 107.00 122.00 OK
r-patched-linux-x86_64 1.1 16.18 131.12 147.30 OK
r-release-linux-x86_64 1.1 17.22 132.52 149.74 OK
r-release-macos-arm64 1.1 56.00 OK
r-release-macos-x86_64 1.1 94.00 OK
r-release-windows-x86_64 1.1 21.00 132.00 153.00 OK
r-oldrel-macos-arm64 1.1 57.00 ERROR
r-oldrel-macos-x86_64 1.1 93.00 ERROR
r-oldrel-windows-x86_64 1.1 20.00 136.00 156.00 OK

Check Details

Version: 1.1
Check: PDF version of manual
Result: WARN LaTeX errors when creating PDF version. This typically indicates Rd problems. LaTeX errors found: ! LaTeX Error: Environment bmatrix undefined. See the LaTeX manual or LaTeX Companion for explanation. Type H <return> for immediate help. ... ! Misplaced alignment tab character &. <argument> y = \begin {bmatrix} X_1& 0 \\ 0 & X_2 \\ \end {bmatrix} \begin ... l.139 }{} ! Misplaced alignment tab character &. <argument> y = \begin {bmatrix} X_1& 0 \\ 0 & X_2 \\ \end {bmatrix} \begin ... l.139 }{} ! LaTeX Error: \begin{list} on input line 114 ended by \end{bmatrix}. See the LaTeX manual or LaTeX Companion for explanation. Type H <return> for immediate help. ... ! LaTeX Error: Environment bmatrix undefined. See the LaTeX manual or LaTeX Companion for explanation. Type H <return> for immediate help. ... ! LaTeX Error: \begin{list} on input line 114 ended by \end{bmatrix}. See the LaTeX manual or LaTeX Companion for explanation. Type H <return> for immediate help. ... ! LaTeX Error: Environment bmatrix undefined. See the LaTeX manual or LaTeX Companion for explanation. Type H <return> for immediate help. ... ! Misplaced alignment tab character &. <argument> ...ix} + X\beta + \begin {bmatrix} Y_1& 0 \\ 0 & Y_2 \\ \end {bma... l.139 }{} ! Misplaced alignment tab character &. <argument> ...eta + \begin {bmatrix} Y_1& 0 \\ 0 & Y_2 \\ \end {bmatrix} \be... l.139 }{} ! LaTeX Error: \begin{list} on input line 114 ended by \end{bmatrix}. See the LaTeX manual or LaTeX Companion for explanation. Type H <return> for immediate help. ... ! LaTeX Error: Environment bmatrix undefined. See the LaTeX manual or LaTeX Companion for explanation. Type H <return> for immediate help. ... ! LaTeX Error: \begin{list} on input line 114 ended by \end{bmatrix}. See the LaTeX manual or LaTeX Companion for explanation. Type H <return> for immediate help. ... ! LaTeX Error: Environment bmatrix undefined. See the LaTeX manual or LaTeX Companion for explanation. Type H <return> for immediate help. ... ! Misplaced alignment tab character &. <argument> y = \begin {bmatrix} X_1& 0 \\ 0 & X_2 \\ \end {bmatrix} \begin ... l.350 }{} ! Misplaced alignment tab character &. <argument> y = \begin {bmatrix} X_1& 0 \\ 0 & X_2 \\ \end {bmatrix} \begin ... l.350 }{} ! LaTeX Error: \begin{list} on input line 332 ended by \end{bmatrix}. See the LaTeX manual or LaTeX Companion for explanation. Type H <return> for immediate help. ... ! LaTeX Error: Environment bmatrix undefined. See the LaTeX manual or LaTeX Companion for explanation. Type H <return> for immediate help. ... ! LaTeX Error: \begin{list} on input line 332 ended by \end{bmatrix}. See the LaTeX manual or LaTeX Companion for explanation. Type H <return> for immediate help. ... ! LaTeX Error: Environment aligned undefined. See the LaTeX manual or LaTeX Companion for explanation. Type H <return> for immediate help. ... ! Misplaced alignment tab character &. <argument> \begin {aligned} y = & W\begin {bmatrix} y_1& 0 \\ 0 & y_2 \\ \e... l.560 }{} ! LaTeX Error: Environment bmatrix undefined. See the LaTeX manual or LaTeX Companion for explanation. Type H <return> for immediate help. ... ! Misplaced alignment tab character &. <argument> ...ligned} y = & W\begin {bmatrix} y_1& 0 \\ 0 & y_2 \\ \end {bma... l.560 }{} ! Misplaced alignment tab character &. <argument> ... = & W\begin {bmatrix} y_1& 0 \\ 0 & y_2 \\ \end {bmatrix} \be... l.560 }{} ! LaTeX Error: \begin{list} on input line 499 ended by \end{bmatrix}. See the LaTeX manual or LaTeX Companion for explanation. Type H <return> for immediate help. ... ! LaTeX Error: Environment bmatrix undefined. See the LaTeX manual or LaTeX Companion for explanation. Type H <return> for immediate help. ... ! LaTeX Error: \begin{list} on input line 499 ended by \end{bmatrix}. See the LaTeX manual or LaTeX Companion for explanation. Type H <return> for immediate help. ... ! LaTeX Error: Environment bmatrix undefined. See the LaTeX manual or LaTeX Companion for explanation. Type H <return> for immediate help. ... ! Misplaced alignment tab character &. <argument> ...nd {bmatrix} + \begin {bmatrix} X_1& 0 \\ 0 & X_2 \\ \end {bma... l.560 }{} ! Misplaced alignment tab character &. <argument> ...ix} + \begin {bmatrix} X_1& 0 \\ 0 & X_2 \\ \end {bmatrix} \be... l.560 }{} ! LaTeX Error: \begin{list} on input line 499 ended by \end{bmatrix}. See the LaTeX manual or LaTeX Companion for explanation. Type H <return> for immediate help. ... ! LaTeX Error: Environment bmatrix undefined. See the LaTeX manual or LaTeX Companion for explanation. Type H <return> for immediate help. ... ! LaTeX Error: \begin{list} on input line 499 ended by \end{bmatrix}. See the LaTeX manual or LaTeX Companion for explanation. Type H <return> for immediate help. ... ! LaTeX Error: Environment bmatrix undefined. See the LaTeX manual or LaTeX Companion for explanation. Type H <return> for immediate help. ... ! Misplaced alignment tab character &. <argument> ...ix} + X\beta + \begin {bmatrix} Y_1& 0 \\ 0 & Y_2 \\ \end {bma... l.560 }{} ! Misplaced alignment tab character &. <argument> ...eta + \begin {bmatrix} Y_1& 0 \\ 0 & Y_2 \\ \end {bmatrix} \be... l.560 }{} ! LaTeX Error: \begin{list} on input line 499 ended by \end{bmatrix}. See the LaTeX manual or LaTeX Companion for explanation. Type H <return> for immediate help. ... ! LaTeX Error: Environment bmatrix undefined. See the LaTeX manual or LaTeX Companion for explanation. Type H <return> for immediate help. ... ! LaTeX Error: \begin{list} on input line 499 ended by \end{bmatrix}. See the LaTeX manual or LaTeX Companion for explanation. Type H <return> for immediate help. ... ! Misplaced alignment tab character &. <recently read> & l.560 }{} ! LaTeX Error: Environment bmatrix undefined. See the LaTeX manual or LaTeX Companion for explanation. Type H <return> for immediate help. ... ! Misplaced alignment tab character &. <argument> ...+ Y\pi + \\ & W\begin {bmatrix} X_1& 0 \\ 0 & X_2 \\ \end {bma... l.560 }{} ! Misplaced alignment tab character &. <argument> ...\\ & W\begin {bmatrix} X_1& 0 \\ 0 & X_2 \\ \end {bmatrix} \be... l.560 }{} ! LaTeX Error: \begin{list} on input line 499 ended by \end{bmatrix}. See the LaTeX manual or LaTeX Companion for explanation. Type H <return> for immediate help. ... ! LaTeX Error: Environment bmatrix undefined. See the LaTeX manual or LaTeX Companion for explanation. Type H <return> for immediate help. ... ! LaTeX Error: \begin{list} on input line 499 ended by \end{bmatrix}. See the LaTeX manual or LaTeX Companion for explanation. Type H <return> for immediate help. ... ! LaTeX Error: Environment bmatrix undefined. See the LaTeX manual or LaTeX Companion for explanation. Type H <return> for immediate help. ... ! Misplaced alignment tab character &. <argument> ...+ WX\delta + W \begin {bmatrix} Y_1& 0 \\ 0 & Y_2 \\ \end {bma... l.560 }{} ! Misplaced alignment tab character &. <argument> ...a + W \begin {bmatrix} Y_1& 0 \\ 0 & Y_2 \\ \end {bmatrix} \be... l.560 }{} ! LaTeX Error: \begin{list} on input line 499 ended by \end{bmatrix}. See the LaTeX manual or LaTeX Companion for explanation. Type H <return> for immediate help. ... ! LaTeX Error: Environment bmatrix undefined. See the LaTeX manual or LaTeX Companion for explanation. Type H <return> for immediate help. ... ! LaTeX Error: \begin{list} on input line 499 ended by \end{bmatrix}. See the LaTeX manual or LaTeX Companion for explanation. Type H <return> for immediate help. ... ! LaTeX Error: Environment bmatrix undefined. See the LaTeX manual or LaTeX Companion for explanation. Type H <return> for immediate help. ... ! LaTeX Error: \begin{list} on input line 499 ended by \end{bmatrix}. See the LaTeX manual or LaTeX Companion for explanation. Type H <return> for immediate help. ... ! LaTeX Error: \begin{list} on input line 499 ended by \end{aligned}. See the LaTeX manual or LaTeX Companion for explanation. Type H <return> for immediate help. ... ! LaTeX Error: Environment bmatrix undefined. See the LaTeX manual or LaTeX Companion for explanation. Type H <return> for immediate help. ... ! LaTeX Error: \begin{list} on input line 499 ended by \end{bmatrix}. See the LaTeX manual or LaTeX Companion for explanation. Type H <return> for immediate help. ... ! LaTeX Error: Environment bmatrix undefined. See the LaTeX manual or LaTeX Companion for explanation. Type H <return> for immediate help. ... ! Misplaced alignment tab character &. <argument> ... =W \begin {bmatrix} \varepsilon _1& 0 \\ 0&\varepsilon _2 \\ \... l.576 }{} ! Misplaced alignment tab character &. <argument> ...gin {bmatrix} \varepsilon _1&0 \\ 0& \varepsilon _2 \\ \end {bm... l.576 }{} ! LaTeX Error: \begin{list} on input line 499 ended by \end{bmatrix}. See the LaTeX manual or LaTeX Companion for explanation. Type H <return> for immediate help. ... ! LaTeX Error: Environment bmatrix undefined. See the LaTeX manual or LaTeX Companion for explanation. Type H <return> for immediate help. ... ! LaTeX Error: \begin{list} on input line 499 ended by \end{bmatrix}. See the LaTeX manual or LaTeX Companion for explanation. Type H <return> for immediate help. ... Flavors: r-oldrel-macos-arm64, r-oldrel-macos-x86_64

Version: 1.1
Check: PDF version of manual without index
Result: ERROR
Flavors: r-oldrel-macos-arm64, r-oldrel-macos-x86_64