Last updated on 2024-04-23 16:58:17 CEST.
Flavor | Version | Tinstall | Tcheck | Ttotal | Status | Flags |
---|---|---|---|---|---|---|
r-devel-linux-x86_64-debian-clang | 2.0.1 | 60.17 | 44.95 | 105.12 | NOTE | |
r-devel-linux-x86_64-debian-gcc | 2.0.1 | 49.79 | 35.15 | 84.94 | NOTE | |
r-devel-linux-x86_64-fedora-clang | 2.0.1 | 153.96 | NOTE | |||
r-devel-linux-x86_64-fedora-gcc | 2.0.1 | 166.47 | NOTE | |||
r-prerel-macos-arm64 | 2.0.1 | 75.00 | NOTE | |||
r-prerel-macos-x86_64 | 2.0.1 | 149.00 | NOTE | |||
r-prerel-windows-x86_64 | 2.0.1 | 61.00 | 83.00 | 144.00 | NOTE | |
r-patched-linux-x86_64 | 2.0.1 | 54.67 | 43.37 | 98.04 | NOTE | |
r-release-linux-x86_64 | 2.0.1 | 59.90 | 42.81 | 102.71 | NOTE | |
r-release-macos-arm64 | 2.0.1 | 81.00 | NOTE | |||
r-release-macos-x86_64 | 2.0.1 | 134.00 | NOTE | |||
r-release-windows-x86_64 | 2.0.1 | 71.00 | 90.00 | 161.00 | NOTE | |
r-oldrel-macos-arm64 | 2.0.1 | 76.00 | NOTE | |||
r-oldrel-windows-x86_64 | 2.0.1 | 57.00 | 87.00 | 144.00 | OK |
Version: 2.0.1
Check: C++ specification
Result: NOTE
Specified C++14: please drop specification unless essential
Flavors: r-devel-linux-x86_64-debian-clang, r-devel-linux-x86_64-debian-gcc, r-devel-linux-x86_64-fedora-clang, r-devel-linux-x86_64-fedora-gcc, r-prerel-macos-arm64, r-prerel-macos-x86_64, r-prerel-windows-x86_64, r-patched-linux-x86_64, r-release-linux-x86_64, r-release-macos-arm64, r-release-macos-x86_64, r-release-windows-x86_64
Version: 2.0.1
Check: compiled code
Result: NOTE
File ‘httpgd/libs/httpgd.so’:
Found non-API calls to R: ‘SETLENGTH’, ‘SET_TRUELENGTH’
Compiled code should not call non-API entry points in R.
See ‘Writing portable packages’ in the ‘Writing R Extensions’ manual.
Flavors: r-devel-linux-x86_64-debian-clang, r-devel-linux-x86_64-debian-gcc, r-devel-linux-x86_64-fedora-clang, r-devel-linux-x86_64-fedora-gcc
Version: 2.0.1
Check: installed package size
Result: NOTE
installed size is 10.0Mb
sub-directories of 1Mb or more:
libs 9.4Mb
Flavors: r-prerel-macos-arm64, r-prerel-macos-x86_64, r-release-macos-arm64, r-release-macos-x86_64, r-oldrel-macos-arm64