Last updated on 2024-03-27 23:59:46 CET.
Flavor | Version | Tinstall | Tcheck | Ttotal | Status | Flags |
---|---|---|---|---|---|---|
r-devel-linux-x86_64-debian-clang | 1.6.14 | 189.92 | 49.99 | 239.91 | NOTE | |
r-devel-linux-x86_64-debian-gcc | 1.6.15 | 137.93 | 38.97 | 176.90 | NOTE | |
r-devel-linux-x86_64-fedora-clang | 1.6.15 | 373.32 | NOTE | |||
r-devel-linux-x86_64-fedora-gcc | 1.6.15 | 363.21 | NOTE | |||
r-devel-windows-x86_64 | 1.6.15 | 165.00 | 86.00 | 251.00 | NOTE | |
r-patched-linux-x86_64 | 1.6.14 | 189.49 | 48.10 | 237.59 | NOTE | |
r-release-linux-x86_64 | 1.6.14 | 173.77 | 47.88 | 221.65 | NOTE | |
r-release-macos-arm64 | 1.6.15 | 144.00 | NOTE | |||
r-release-macos-x86_64 | 1.6.15 | 179.00 | NOTE | |||
r-release-windows-x86_64 | 1.6.14 | 240.00 | 100.00 | 340.00 | NOTE | |
r-oldrel-macos-arm64 | 1.6.15 | 138.00 | NOTE | |||
r-oldrel-windows-x86_64 | 1.6.15 | 160.00 | 97.00 | 257.00 | NOTE |
Version: 1.6.14
Check: for GNU extensions in Makefiles
Result: NOTE
GNU make is a SystemRequirements.
Flavors: r-devel-linux-x86_64-debian-clang, r-patched-linux-x86_64, r-release-linux-x86_64, r-release-windows-x86_64
Version: 1.6.15
Check: for GNU extensions in Makefiles
Result: NOTE
GNU make is a SystemRequirements.
Flavors: r-devel-linux-x86_64-debian-gcc, r-devel-linux-x86_64-fedora-clang, r-devel-linux-x86_64-fedora-gcc, r-devel-windows-x86_64, r-release-macos-arm64, r-release-macos-x86_64, r-oldrel-macos-arm64, r-oldrel-windows-x86_64
Version: 1.6.15
Check: installed package size
Result: NOTE
installed size is 9.1Mb
sub-directories of 1Mb or more:
libs 8.6Mb
Flavors: r-release-macos-arm64, r-release-macos-x86_64, r-oldrel-macos-arm64