CRAN Package Check Results for Package humanize

Last updated on 2023-03-24 07:54:43 CET.

Flavor Version Tinstall Tcheck Ttotal Status Flags
r-devel-linux-x86_64-debian-clang 0.2.0 3.66 34.17 37.83 NOTE
r-devel-linux-x86_64-debian-gcc 0.2.0 2.36 26.95 29.31 NOTE
r-devel-linux-x86_64-fedora-clang 0.2.0 50.14 NOTE
r-devel-linux-x86_64-fedora-gcc 0.2.0 56.50 NOTE
r-patched-linux-x86_64 0.2.0 3.39 34.93 38.32 NOTE
r-release-linux-x86_64 0.2.0 3.46 35.98 39.44 NOTE
r-release-macos-arm64 0.2.0 22.00 NOTE
r-release-macos-x86_64 0.2.0 30.00 NOTE
r-release-windows-x86_64 0.2.0 16.00 64.00 80.00 NOTE
r-oldrel-macos-arm64 0.2.0 26.00 NOTE
r-oldrel-macos-x86_64 0.2.0 60.00 NOTE
r-oldrel-windows-ix86+x86_64 0.2.0 7.00 59.00 66.00 NOTE

Check Details

Version: 0.2.0
Check: LazyData
Result: NOTE
     'LazyData' is specified without a 'data' directory
Flavors: r-devel-linux-x86_64-debian-clang, r-devel-linux-x86_64-debian-gcc, r-devel-linux-x86_64-fedora-clang, r-devel-linux-x86_64-fedora-gcc, r-patched-linux-x86_64, r-release-linux-x86_64, r-release-macos-arm64, r-release-macos-x86_64, r-release-windows-x86_64, r-oldrel-macos-arm64, r-oldrel-macos-x86_64, r-oldrel-windows-ix86+x86_64