CRAN Package Check Results for Package humanize

Last updated on 2021-10-25 04:54:11 CEST.

Flavor Version Tinstall Tcheck Ttotal Status Flags
r-devel-linux-x86_64-debian-clang 0.2.0 2.86 31.14 34.00 NOTE
r-devel-linux-x86_64-debian-gcc 0.2.0 2.27 23.91 26.18 NOTE
r-devel-linux-x86_64-fedora-clang 0.2.0 52.45 NOTE
r-devel-linux-x86_64-fedora-gcc 0.2.0 50.65 NOTE
r-devel-windows-x86_64 0.2.0 5.00 48.00 53.00 NOTE
r-devel-windows-x86_64-gcc10-UCRT 0.2.0 NOTE
r-patched-linux-x86_64 0.2.0 3.29 29.86 33.15 NOTE
r-patched-solaris-x86 0.2.0 66.80 NOTE
r-release-linux-x86_64 0.2.0 2.65 30.16 32.81 NOTE
r-release-macos-arm64 0.2.0 NOTE
r-release-macos-x86_64 0.2.0 NOTE
r-release-windows-ix86+x86_64 0.2.0 6.00 46.00 52.00 NOTE
r-oldrel-macos-x86_64 0.2.0 OK
r-oldrel-windows-ix86+x86_64 0.2.0 9.00 56.00 65.00 OK

Check Details

Version: 0.2.0
Check: LazyData
Result: NOTE
     'LazyData' is specified without a 'data' directory
Flavors: r-devel-linux-x86_64-debian-clang, r-devel-linux-x86_64-debian-gcc, r-devel-linux-x86_64-fedora-clang, r-devel-linux-x86_64-fedora-gcc, r-devel-windows-x86_64, r-devel-windows-x86_64-gcc10-UCRT, r-patched-linux-x86_64, r-patched-solaris-x86, r-release-linux-x86_64, r-release-macos-arm64, r-release-macos-x86_64, r-release-windows-ix86+x86_64