Last updated on 2023-12-08 00:51:57 CET.
Flavor | Version | Tinstall | Tcheck | Ttotal | Status | Flags |
---|---|---|---|---|---|---|
r-devel-linux-x86_64-debian-clang | 2.2.0 | 124.27 | 32.63 | 156.90 | OK | |
r-devel-linux-x86_64-debian-gcc | 2.2.0 | 82.11 | 25.38 | 107.49 | OK | |
r-devel-linux-x86_64-fedora-clang | 2.2.0 | 181.15 | OK | |||
r-devel-linux-x86_64-fedora-gcc | 2.2.0 | 199.95 | OK | |||
r-devel-windows-x86_64 | 2.2.0 | 69.00 | 74.00 | 143.00 | OK | |
r-patched-linux-x86_64 | 2.2.0 | 86.68 | 32.02 | 118.70 | OK | |
r-release-linux-x86_64 | 2.2.0 | 86.83 | 31.38 | 118.21 | OK | |
r-release-macos-arm64 | 2.2.0 | 56.00 | NOTE | |||
r-release-macos-x86_64 | 2.2.0 | 66.00 | NOTE | |||
r-release-windows-x86_64 | 2.2.0 | 72.00 | 78.00 | 150.00 | OK | |
r-oldrel-macos-arm64 | 2.2.0 | 55.00 | NOTE | |||
r-oldrel-macos-x86_64 | 2.2.0 | 61.00 | NOTE | |||
r-oldrel-windows-x86_64 | 2.2.0 | 76.00 | 77.00 | 153.00 | OK |
Version: 2.2.0
Check: installed package size
Result: NOTE
installed size is 8.1Mb
sub-directories of 1Mb or more:
libs 8.1Mb
Flavors: r-release-macos-arm64, r-release-macos-x86_64, r-oldrel-macos-arm64, r-oldrel-macos-x86_64