Last updated on 2024-04-18 01:02:56 CEST.
Flavor | Version | Tinstall | Tcheck | Ttotal | Status | Flags |
---|---|---|---|---|---|---|
r-devel-linux-x86_64-debian-clang | 5.5.6 | 19.20 | 187.69 | 206.89 | OK | |
r-devel-linux-x86_64-debian-gcc | 5.5.6 | 13.43 | 195.82 | 209.25 | OK | |
r-devel-linux-x86_64-fedora-clang | 5.5.6 | 362.42 | NOTE | |||
r-devel-linux-x86_64-fedora-gcc | 5.5.6 | 379.01 | NOTE | |||
r-prerel-macos-arm64 | 5.5.6 | 94.00 | OK | |||
r-prerel-macos-x86_64 | 5.5.6 | 182.00 | OK | |||
r-prerel-windows-x86_64 | 5.5.6 | 16.00 | 241.00 | 257.00 | OK | |
r-patched-linux-x86_64 | 5.5.6 | 17.45 | 176.90 | 194.35 | OK | |
r-release-linux-x86_64 | 5.5.6 | 12.72 | 170.24 | 182.96 | OK | |
r-release-macos-arm64 | 5.5.6 | 89.00 | OK | |||
r-release-macos-x86_64 | 5.5.6 | 175.00 | OK | |||
r-release-windows-x86_64 | 5.5.6 | 21.00 | 291.00 | 312.00 | OK | |
r-oldrel-macos-arm64 | 5.5.6 | 86.00 | OK | |||
r-oldrel-windows-x86_64 | 5.5.6 | 23.00 | 278.00 | 301.00 | OK |
Version: 5.5.6
Check: dependencies in R code
Result: NOTE
Namespaces in Imports field not imported from:
‘R6’ ‘xml2’
All declared Imports should be used.
Flavors: r-devel-linux-x86_64-fedora-clang, r-devel-linux-x86_64-fedora-gcc