CRAN Package Check Results for Package hwsdr

Last updated on 2023-06-09 16:56:57 CEST.

Flavor Version Tinstall Tcheck Ttotal Status Flags
r-devel-linux-x86_64-debian-clang 1.0 1.84 50.47 52.31 OK
r-devel-linux-x86_64-debian-gcc 1.0 1.80 38.96 40.76 OK
r-devel-linux-x86_64-fedora-clang 1.0 71.27 NOTE
r-devel-linux-x86_64-fedora-gcc 1.0 75.04 NOTE
r-devel-windows-x86_64 1.0 4.00 58.00 62.00 OK
r-patched-linux-x86_64 1.0 2.38 48.25 50.63 OK
r-release-linux-x86_64 1.0 2.14 48.46 50.60 OK
r-release-macos-arm64 1.0 31.00 OK
r-release-macos-x86_64 1.0 46.00 OK
r-release-windows-x86_64 1.0 4.00 64.00 68.00 OK
r-oldrel-macos-arm64 1.0 23.00 NOTE
r-oldrel-macos-x86_64 1.0 32.00 NOTE
r-oldrel-windows-x86_64 1.0 4.00 66.00 70.00 OK

Check Details

Version: 1.0
Check: data for non-ASCII characters
Result: NOTE
     Note: found 1 marked UTF-8 string
Flavors: r-devel-linux-x86_64-fedora-clang, r-devel-linux-x86_64-fedora-gcc, r-oldrel-macos-arm64, r-oldrel-macos-x86_64