Last updated on 2024-04-20 08:50:56 CEST.
Flavor | Version | Tinstall | Tcheck | Ttotal | Status | Flags |
---|---|---|---|---|---|---|
r-devel-linux-x86_64-debian-clang | 0.7-0 | 10.84 | 115.82 | 126.66 | OK | |
r-devel-linux-x86_64-debian-gcc | 0.7-0 | 7.60 | 124.40 | 132.00 | OK | |
r-devel-linux-x86_64-fedora-clang | 0.7-0 | 219.64 | OK | |||
r-devel-linux-x86_64-fedora-gcc | 0.7-0 | 230.20 | OK | |||
r-prerel-macos-arm64 | 0.7-0 | 77.00 | OK | |||
r-prerel-windows-x86_64 | 0.7-0 | 11.00 | 298.00 | 309.00 | OK | |
r-patched-linux-x86_64 | 0.7-0 | 12.79 | 116.67 | 129.46 | OK | |
r-release-linux-x86_64 | 0.7-0 | 8.96 | 104.28 | 113.24 | OK | |
r-release-macos-arm64 | 0.7-0 | 76.00 | OK | |||
r-release-macos-x86_64 | 0.7-0 | 135.00 | OK | |||
r-release-windows-x86_64 | 0.7-0 | 13.00 | 283.00 | 296.00 | OK | |
r-oldrel-macos-arm64 | 0.7-0 | 71.00 | OK | |||
r-oldrel-windows-x86_64 | 0.7-0 | 14.00 | 278.00 | 292.00 | NOTE |
Version: 0.7-0
Check: HTML version of manual
Result: NOTE
Found the following problems:
baseflow.Rd:167:38: Warning: nested emphasis <code>
baseflow.Rd:171:38: Warning: nested emphasis <code>
Flavor: r-oldrel-windows-x86_64