Last updated on 2023-06-07 17:55:39 CEST.
Flavor | Version | Tinstall | Tcheck | Ttotal | Status | Flags |
---|---|---|---|---|---|---|
r-devel-linux-x86_64-debian-clang | 0.6-0 | 15.97 | 145.89 | 161.86 | OK | |
r-devel-linux-x86_64-debian-gcc | 0.6-0 | 13.02 | 109.15 | 122.17 | OK | |
r-devel-linux-x86_64-fedora-clang | 0.6-0 | 198.33 | NOTE | |||
r-devel-linux-x86_64-fedora-gcc | 0.6-0 | 214.49 | OK | |||
r-devel-windows-x86_64 | 0.6-0 | 18.00 | 160.00 | 178.00 | OK | |
r-patched-linux-x86_64 | 0.6-0 | 17.97 | 136.62 | 154.59 | OK | |
r-release-linux-x86_64 | 0.6-0 | 15.64 | 137.70 | 153.34 | OK | |
r-release-macos-arm64 | 0.6-0 | 76.00 | OK | |||
r-release-macos-x86_64 | 0.6-0 | 115.00 | OK | |||
r-release-windows-x86_64 | 0.6-0 | 22.00 | 199.00 | 221.00 | OK | |
r-oldrel-macos-arm64 | 0.6-0 | 49.00 | OK | |||
r-oldrel-macos-x86_64 | 0.6-0 | 102.00 | OK | |||
r-oldrel-windows-x86_64 | 0.6-0 | 24.00 | 194.00 | 218.00 | OK |
Version: 0.6-0
Check: Rd cross-references
Result: NOTE
Undeclared package ‘rgdal’ in Rd xrefs
Flavor: r-devel-linux-x86_64-fedora-clang