Last updated on 2023-09-24 00:56:44 CEST.
Flavor | Version | Tinstall | Tcheck | Ttotal | Status | Flags |
---|---|---|---|---|---|---|
r-devel-linux-x86_64-debian-clang | 0.8.4 | 4.04 | 53.50 | 57.54 | OK | |
r-devel-linux-x86_64-debian-gcc | 0.8.4 | 2.72 | 39.40 | 42.12 | OK | |
r-devel-linux-x86_64-fedora-clang | 0.8.4 | 72.95 | NOTE | |||
r-devel-linux-x86_64-fedora-gcc | 0.8.4 | 82.50 | NOTE | |||
r-devel-windows-x86_64 | 0.8.4 | 4.00 | 65.00 | 69.00 | OK | |
r-patched-linux-x86_64 | 0.8.4 | 2.94 | 51.08 | 54.02 | OK | |
r-release-linux-x86_64 | 0.8.4 | 3.71 | 51.92 | 55.63 | OK | |
r-release-macos-arm64 | 0.8.4 | 45.00 | NOTE | |||
r-release-macos-x86_64 | 0.8.4 | 81.00 | NOTE | |||
r-release-windows-x86_64 | 0.8.4 | 6.00 | 70.00 | 76.00 | OK | |
r-oldrel-macos-arm64 | 0.8.4 | 33.00 | OK | |||
r-oldrel-macos-x86_64 | 0.8.4 | 39.00 | OK | |||
r-oldrel-windows-x86_64 | 0.8.4 | 8.00 | 70.00 | 78.00 | OK |
Version: 0.8.4
Check: package dependencies
Result: NOTE
Package suggested but not available for checking: ‘flowCore’
Flavors: r-devel-linux-x86_64-fedora-clang, r-devel-linux-x86_64-fedora-gcc, r-release-macos-arm64, r-release-macos-x86_64