CRAN Package Check Results for Package iNZightRegression

Last updated on 2021-12-02 08:51:12 CET.

Flavor Version Tinstall Tcheck Ttotal Status Flags
r-devel-linux-x86_64-debian-clang 1.3.1 21.42 179.98 201.40 OK
r-devel-linux-x86_64-debian-gcc 1.3.1 14.68 134.26 148.94 OK
r-devel-linux-x86_64-fedora-clang 1.3.1 248.71 OK
r-devel-linux-x86_64-fedora-gcc 1.3.1 236.47 OK
r-devel-windows-x86_64-new-UL 1.3.1 35.00 207.00 242.00 ERROR
r-devel-windows-x86_64-new-TK 1.3.1 ERROR
r-devel-windows-x86_64-old 1.3.1 31.00 137.00 168.00 ERROR
r-patched-linux-x86_64 1.3.1 19.17 171.55 190.72 OK
r-patched-solaris-x86 1.3.1 321.50 OK
r-release-linux-x86_64 1.3.1 17.40 169.23 186.63 OK
r-release-macos-arm64 1.3.1 OK
r-release-macos-x86_64 1.3.1 OK
r-release-windows-ix86+x86_64 1.3.1 46.00 193.00 239.00 ERROR
r-oldrel-macos-x86_64 1.3.1 OK
r-oldrel-windows-ix86+x86_64 1.3.1 48.00 202.00 250.00 ERROR

Check Details

Version: 1.3.1
Check: tests
Result: ERROR
     Running 'testthat.R' [13s]
    Running the tests in 'tests/testthat.R' failed.
    Complete output:
     > library(testthat)
     > library(iNZightRegression)
     >
     > test_check("iNZightRegression")
Flavors: r-devel-windows-x86_64-new-UL, r-release-windows-ix86+x86_64

Version: 1.3.1
Check: tests
Result: ERROR
     Running 'testthat.R'
    Running the tests in 'tests/testthat.R' failed.
    Complete output:
     > library(testthat)
     > library(iNZightRegression)
     >
     > test_check("iNZightRegression")
Flavor: r-devel-windows-x86_64-new-TK

Version: 1.3.1
Check: tests
Result: ERROR
     Running 'testthat.R' [9s]
    Running the tests in 'tests/testthat.R' failed.
    Complete output:
     > library(testthat)
     > library(iNZightRegression)
     >
     > test_check("iNZightRegression")
Flavor: r-devel-windows-x86_64-old

Version: 1.3.1
Check: tests
Result: ERROR
     Running 'testthat.R' [16s]
    Running the tests in 'tests/testthat.R' failed.
    Complete output:
     > library(testthat)
     > library(iNZightRegression)
     >
     > test_check("iNZightRegression")
Flavor: r-oldrel-windows-ix86+x86_64