Last updated on 2022-08-10 20:54:47 CEST.
Flavor | Version | Tinstall | Tcheck | Ttotal | Status | Flags |
---|---|---|---|---|---|---|
r-devel-linux-x86_64-debian-clang | 1.12.2 | 13.52 | 144.10 | 157.62 | NOTE | |
r-devel-linux-x86_64-debian-gcc | 1.12.2 | 12.34 | 107.33 | 119.67 | NOTE | |
r-devel-linux-x86_64-fedora-clang | 1.12.2 | 204.38 | NOTE | |||
r-devel-linux-x86_64-fedora-gcc | 1.12.2 | 189.13 | OK | |||
r-devel-windows-x86_64 | 1.12.2 | 95.00 | 187.00 | 282.00 | OK | |
r-patched-linux-x86_64 | 1.12.2 | 18.04 | 136.34 | 154.38 | OK | |
r-release-linux-x86_64 | 1.12.2 | OK | ||||
r-release-macos-arm64 | 1.12.2 | 53.00 | OK | |||
r-release-macos-x86_64 | 1.12.2 | 89.00 | OK | |||
r-release-windows-x86_64 | 1.12.2 | 123.00 | 179.00 | 302.00 | OK | |
r-oldrel-macos-arm64 | 1.12.2 | 43.00 | OK | |||
r-oldrel-macos-x86_64 | 1.12.2 | 72.00 | OK | |||
r-oldrel-windows-ix86+x86_64 | 1.12.2 | 30.00 | 172.00 | 202.00 | OK |
Version: 1.12.2
Check: HTML version of manual
Result: NOTE
Found the following HTML validation problems:
aggregateData.html:94:372: Warning: inserting implicit <p>
aggregateData.html:94:372: Warning: trimming empty <p>
Flavors: r-devel-linux-x86_64-debian-clang, r-devel-linux-x86_64-debian-gcc
Version: 1.12.2
Check: Rd cross-references
Result: NOTE
Undeclared package ‘tidyverse’ in Rd xrefs
Flavor: r-devel-linux-x86_64-fedora-clang