Last updated on 2023-06-10 00:54:48 CEST.
Flavor | Version | Tinstall | Tcheck | Ttotal | Status | Flags |
---|---|---|---|---|---|---|
r-devel-linux-x86_64-debian-clang | 1.0 | 2.39 | 34.40 | 36.79 | OK | |
r-devel-linux-x86_64-debian-gcc | 1.0 | 2.35 | 26.83 | 29.18 | OK | |
r-devel-linux-x86_64-fedora-clang | 1.0 | 51.44 | NOTE | |||
r-devel-linux-x86_64-fedora-gcc | 1.0 | 44.38 | NOTE | |||
r-devel-windows-x86_64 | 1.0 | 4.00 | 49.00 | 53.00 | OK | |
r-patched-linux-x86_64 | 1.0 | 2.07 | 33.80 | 35.87 | OK | |
r-release-linux-x86_64 | 1.0 | 1.86 | 33.61 | 35.47 | OK | |
r-release-macos-arm64 | 1.0 | 20.00 | OK | |||
r-release-macos-x86_64 | 1.0 | 28.00 | OK | |||
r-release-windows-x86_64 | 1.0 | 5.00 | 51.00 | 56.00 | OK | |
r-oldrel-macos-arm64 | 1.0 | 20.00 | NOTE | |||
r-oldrel-macos-x86_64 | 1.0 | 32.00 | NOTE | |||
r-oldrel-windows-x86_64 | 1.0 | 5.00 | 57.00 | 62.00 | OK |
Version: 1.0
Check: dependencies in R code
Result: NOTE
Namespaces in Imports field not imported from:
‘colorRamps’ ‘virtualspecies’
All declared Imports should be used.
Flavors: r-devel-linux-x86_64-fedora-clang, r-devel-linux-x86_64-fedora-gcc, r-oldrel-macos-arm64, r-oldrel-macos-x86_64