CRAN Package Check Results for Package iSTATS

Last updated on 2024-02-21 00:54:31 CET.

Flavor Version Tinstall Tcheck Ttotal Status Flags
r-devel-linux-x86_64-debian-clang 1.7 OK
r-devel-linux-x86_64-debian-gcc 1.7 6.73 49.03 55.76 OK
r-devel-linux-x86_64-fedora-clang 1.7 93.06 NOTE
r-devel-linux-x86_64-fedora-gcc 1.7 85.79 NOTE
r-devel-windows-x86_64 1.7 9.00 67.00 76.00 OK
r-patched-linux-x86_64 1.7 5.21 62.65 67.86 OK
r-release-linux-x86_64 1.7 5.32 62.91 68.23 OK
r-release-macos-arm64 1.7 37.00 OK
r-release-macos-x86_64 1.7 72.00 OK
r-release-windows-x86_64 1.7 11.00 74.00 85.00 OK
r-oldrel-macos-arm64 1.7 37.00 OK
r-oldrel-windows-x86_64 1.7 12.00 84.00 96.00 OK

Check Details

Version: 1.7
Check: dependencies in R code
Result: NOTE Namespace in Imports field not imported from: ‘readr’ All declared Imports should be used. Flavors: r-devel-linux-x86_64-fedora-clang, r-devel-linux-x86_64-fedora-gcc