CRAN Package Check Results for Package iSTATS

Last updated on 2021-10-17 20:49:06 CEST.

Flavor Version Tinstall Tcheck Ttotal Status Flags
r-devel-linux-x86_64-debian-clang 1.5 8.19 63.36 71.55 OK
r-devel-linux-x86_64-debian-gcc 1.5 6.90 48.07 54.97 OK
r-devel-linux-x86_64-fedora-clang 1.5 93.56 NOTE
r-devel-linux-x86_64-fedora-gcc 1.5 86.09 OK
r-devel-windows-x86_64 1.5 14.00 89.00 103.00 NOTE
r-devel-windows-x86_64-gcc10-UCRT 1.5 OK
r-patched-linux-x86_64 1.5 8.81 59.54 68.35 OK
r-patched-solaris-x86 1.5 129.40 NOTE
r-release-linux-x86_64 1.5 8.38 59.88 68.26 OK
r-release-macos-arm64 1.5 NOTE
r-release-macos-x86_64 1.5 NOTE
r-release-windows-ix86+x86_64 1.5 21.00 83.00 104.00 NOTE
r-oldrel-macos-x86_64 1.5 NOTE
r-oldrel-windows-ix86+x86_64 1.5 20.00 91.00 111.00 NOTE

Check Details

Version: 1.5
Check: installed package size
Result: NOTE
     installed size is 5.9Mb
     sub-directories of 1Mb or more:
     app 4.3Mb
     data 1.6Mb
Flavors: r-devel-linux-x86_64-fedora-clang, r-devel-windows-x86_64, r-patched-solaris-x86, r-release-macos-arm64, r-release-macos-x86_64, r-release-windows-ix86+x86_64, r-oldrel-macos-x86_64, r-oldrel-windows-ix86+x86_64