CRAN Package Check Results for Package ibb

Last updated on 2024-02-25 16:51:43 CET.

Flavor Version Tinstall Tcheck Ttotal Status Flags
r-devel-linux-x86_64-debian-clang 0.0.2 3.25 31.43 34.68 OK
r-devel-linux-x86_64-debian-gcc 0.0.2 2.44 24.63 27.07 OK
r-devel-linux-x86_64-fedora-clang 0.0.2 42.49 NOTE
r-devel-linux-x86_64-fedora-gcc 0.0.2 41.35 NOTE
r-devel-windows-x86_64 0.0.2 5.00 48.00 53.00 OK
r-patched-linux-x86_64 0.0.2 3.00 31.27 34.27 OK
r-release-linux-x86_64 0.0.2 2.85 31.04 33.89 OK
r-release-macos-arm64 0.0.2 25.00 OK
r-release-macos-x86_64 0.0.2 26.00 OK
r-release-windows-x86_64 0.0.2 6.00 51.00 57.00 OK
r-oldrel-macos-arm64 0.0.2 19.00 NOTE
r-oldrel-windows-x86_64 0.0.2 5.00 59.00 64.00 OK

Check Details

Version: 0.0.2
Check: data for non-ASCII characters
Result: NOTE Note: found 359 marked UTF-8 strings Flavors: r-devel-linux-x86_64-fedora-clang, r-devel-linux-x86_64-fedora-gcc, r-oldrel-macos-arm64