CRAN Package Check Results for Package ibb

Last updated on 2023-02-04 01:54:24 CET.

Flavor Version Tinstall Tcheck Ttotal Status Flags
r-devel-linux-x86_64-debian-clang 0.0.2 2.94 31.58 34.52 OK
r-devel-linux-x86_64-debian-gcc 0.0.2 2.39 24.12 26.51 OK
r-devel-linux-x86_64-fedora-clang 0.0.2 43.42 NOTE
r-devel-linux-x86_64-fedora-gcc 0.0.2 40.95 NOTE
r-devel-windows-x86_64 0.0.2 14.00 64.00 78.00 OK
r-patched-linux-x86_64 0.0.2 3.24 32.74 35.98 OK
r-release-linux-x86_64 0.0.2 2.83 32.27 35.10 OK
r-release-macos-arm64 0.0.2 19.00 NOTE
r-release-macos-x86_64 0.0.2 30.00 NOTE
r-release-windows-x86_64 0.0.2 13.00 73.00 86.00 OK
r-oldrel-macos-arm64 0.0.2 23.00 NOTE
r-oldrel-macos-x86_64 0.0.2 26.00 NOTE
r-oldrel-windows-ix86+x86_64 0.0.2 7.00 58.00 65.00 OK

Check Details

Version: 0.0.2
Check: data for non-ASCII characters
Result: NOTE
     Note: found 359 marked UTF-8 strings
Flavors: r-devel-linux-x86_64-fedora-clang, r-devel-linux-x86_64-fedora-gcc, r-release-macos-arm64, r-release-macos-x86_64, r-oldrel-macos-arm64, r-oldrel-macos-x86_64