CRAN Package Check Results for Package ibmAcousticR

Last updated on 2021-10-27 00:51:06 CEST.

Flavor Version Tinstall Tcheck Ttotal Status Flags
r-devel-linux-x86_64-debian-clang 0.2.1 2.80 28.25 31.05 NOTE
r-devel-linux-x86_64-debian-gcc 0.2.1 2.43 22.67 25.10 NOTE
r-devel-linux-x86_64-fedora-clang 0.2.1 47.93 NOTE
r-devel-linux-x86_64-fedora-gcc 0.2.1 38.42 NOTE
r-devel-windows-x86_64 0.2.1 5.00 35.00 40.00 NOTE
r-devel-windows-x86_64-gcc10-UCRT 0.2.1 NOTE
r-patched-linux-x86_64 0.2.1 3.13 28.38 31.51 NOTE
r-patched-solaris-x86 0.2.1 61.10 NOTE
r-release-linux-x86_64 0.2.1 2.91 28.40 31.31 NOTE
r-release-macos-arm64 0.2.1 NOTE
r-release-macos-x86_64 0.2.1 NOTE
r-release-windows-ix86+x86_64 0.2.1 6.00 47.00 53.00 NOTE
r-oldrel-macos-x86_64 0.2.1 OK
r-oldrel-windows-ix86+x86_64 0.2.1 8.00 49.00 57.00 OK

Check Details

Version: 0.2.1
Check: LazyData
Result: NOTE
     'LazyData' is specified without a 'data' directory
Flavors: r-devel-linux-x86_64-debian-clang, r-devel-linux-x86_64-debian-gcc, r-devel-linux-x86_64-fedora-clang, r-devel-linux-x86_64-fedora-gcc, r-devel-windows-x86_64, r-devel-windows-x86_64-gcc10-UCRT, r-patched-linux-x86_64, r-patched-solaris-x86, r-release-linux-x86_64, r-release-macos-arm64, r-release-macos-x86_64, r-release-windows-ix86+x86_64