Last updated on 2024-03-27 23:59:46 CET.
Flavor | Version | Tinstall | Tcheck | Ttotal | Status | Flags |
---|---|---|---|---|---|---|
r-devel-linux-x86_64-debian-clang | 1.0.2 | 40.71 | 395.34 | 436.05 | OK | |
r-devel-linux-x86_64-debian-gcc | 1.0.2 | 38.36 | 287.13 | 325.49 | OK | |
r-devel-linux-x86_64-fedora-clang | 1.0.2 | 594.22 | NOTE | |||
r-devel-linux-x86_64-fedora-gcc | 1.0.2 | 546.41 | NOTE | |||
r-devel-windows-x86_64 | 1.0.2 | 36.00 | 239.00 | 275.00 | OK | |
r-patched-linux-x86_64 | 1.0.2 | 33.13 | 383.34 | 416.47 | OK | |
r-release-linux-x86_64 | 1.0.2 | 29.78 | 379.00 | 408.78 | OK | |
r-release-macos-arm64 | 1.0.2 | 130.00 | OK | |||
r-release-macos-x86_64 | 1.0.2 | 227.00 | OK | |||
r-release-windows-x86_64 | 1.0.2 | 50.00 | 318.00 | 368.00 | OK | |
r-oldrel-macos-arm64 | 1.0.2 | 99.00 | NOTE | |||
r-oldrel-windows-x86_64 | 1.0.2 | 51.00 | 327.00 | 378.00 | OK |
Version: 1.0.2
Check: dependencies in R code
Result: NOTE
Namespace in Imports field not imported from: ‘methods’
All declared Imports should be used.
Flavors: r-devel-linux-x86_64-fedora-clang, r-devel-linux-x86_64-fedora-gcc, r-oldrel-macos-arm64