CRAN Package Check Results for Package icecream

Last updated on 2023-12-03 08:50:10 CET.

Flavor Version Tinstall Tcheck Ttotal Status Flags
r-devel-linux-x86_64-debian-clang 0.2.1 2.26 26.71 28.97 OK
r-devel-linux-x86_64-debian-gcc 0.2.1 1.82 20.26 22.08 OK
r-devel-linux-x86_64-fedora-clang 0.2.1 36.52 NOTE
r-devel-linux-x86_64-fedora-gcc 0.2.1 34.57 OK
r-devel-windows-x86_64 0.2.1 3.00 43.00 46.00 OK
r-patched-linux-x86_64 0.2.1 2.72 25.54 28.26 OK
r-release-linux-x86_64 0.2.1 2.23 25.92 28.15 OK
r-release-macos-arm64 0.2.1 17.00 OK
r-release-macos-x86_64 0.2.1 30.00 OK
r-release-windows-x86_64 0.2.1 4.00 45.00 49.00 OK
r-oldrel-macos-arm64 0.2.1 21.00 OK
r-oldrel-macos-x86_64 0.2.1 28.00 OK
r-oldrel-windows-x86_64 0.2.1 4.00 45.00 49.00 OK

Check Details

Version: 0.2.1
Check: Rd cross-references
Result: NOTE Undeclared package ‘tibble’ in Rd xrefs Flavor: r-devel-linux-x86_64-fedora-clang