CRAN Package Check Results for Package igoR

Last updated on 2021-10-23 00:48:56 CEST.

Flavor Version Tinstall Tcheck Ttotal Status Flags
r-devel-linux-x86_64-debian-clang 0.1.2 7.68 56.93 64.61 OK
r-devel-linux-x86_64-debian-gcc 0.1.3 6.96 47.09 54.05 OK
r-devel-linux-x86_64-fedora-clang 0.1.3 99.75 NOTE
r-devel-linux-x86_64-fedora-gcc 0.1.3 91.15 NOTE
r-devel-windows-x86_64 0.1.2 14.00 83.00 97.00 OK
r-devel-windows-x86_64-gcc10-UCRT 0.1.2 NOTE
r-patched-linux-x86_64 0.1.3 8.36 58.34 66.70 OK
r-patched-solaris-x86 0.1.3 107.20 NOTE
r-release-linux-x86_64 0.1.2 7.94 56.41 64.35 OK
r-release-macos-arm64 0.1.2 NOTE
r-release-macos-x86_64 0.1.3 NOTE
r-release-windows-ix86+x86_64 0.1.2 10.00 77.00 87.00 OK
r-oldrel-macos-x86_64 0.1.3 NOTE
r-oldrel-windows-ix86+x86_64 0.1.3 12.00 58.00 70.00 OK

Check Details

Version: 0.1.3
Check: data for non-ASCII characters
Result: NOTE
     Note: found 160 marked UTF-8 strings
Flavors: r-devel-linux-x86_64-fedora-clang, r-devel-linux-x86_64-fedora-gcc, r-patched-solaris-x86, r-release-macos-x86_64, r-oldrel-macos-x86_64

Version: 0.1.2
Check: data for non-ASCII characters
Result: NOTE
     Note: found 160 marked UTF-8 strings
Flavors: r-devel-windows-x86_64-gcc10-UCRT, r-release-macos-arm64