Last updated on 2023-03-29 01:51:31 CEST.
Flavor | Version | Tinstall | Tcheck | Ttotal | Status | Flags |
---|---|---|---|---|---|---|
r-devel-linux-x86_64-debian-clang | 1.4.1 | 260.92 | 370.96 | 631.88 | OK | |
r-devel-linux-x86_64-debian-gcc | 1.4.1 | 220.56 | 300.10 | 520.66 | OK | |
r-devel-linux-x86_64-fedora-clang | 1.4.1 | 855.65 | NOTE | |||
r-devel-linux-x86_64-fedora-gcc | 1.4.1 | 815.73 | OK | |||
r-devel-windows-x86_64 | 1.4.1 | 838.00 | 0.00 | 838.00 | NOTE | |
r-patched-linux-x86_64 | 1.4.1 | 240.93 | 282.41 | 523.34 | OK | |
r-release-linux-x86_64 | 1.4.1 | 228.57 | 349.41 | 577.98 | OK | |
r-release-macos-arm64 | 1.4.1 | 180.00 | NOTE | |||
r-release-macos-x86_64 | 1.4.1 | 259.00 | NOTE | |||
r-release-windows-x86_64 | 1.4.1 | 872.00 | 506.00 | 1378.00 | NOTE | |
r-oldrel-macos-arm64 | 1.4.1 | 167.00 | NOTE | |||
r-oldrel-macos-x86_64 | 1.4.1 | 264.00 | NOTE | |||
r-oldrel-windows-ix86+x86_64 | 1.4.1 | 735.00 | 667.00 | 1402.00 | NOTE |
Version: 1.4.1
Check: installed package size
Result: NOTE
installed size is 7.2Mb
sub-directories of 1Mb or more:
R 1.4Mb
help 1.4Mb
libs 3.3Mb
Flavors: r-devel-linux-x86_64-fedora-clang, r-devel-windows-x86_64, r-release-macos-arm64, r-release-macos-x86_64, r-release-windows-x86_64, r-oldrel-macos-arm64, r-oldrel-macos-x86_64, r-oldrel-windows-ix86+x86_64