CRAN Package Check Results for Package igraphinshiny

Last updated on 2021-09-27 20:48:20 CEST.

Flavor Version Tinstall Tcheck Ttotal Status Flags
r-devel-linux-x86_64-debian-clang 0.1 3.53 36.54 40.07 NOTE
r-devel-linux-x86_64-debian-gcc 0.1 2.61 29.11 31.72 NOTE
r-devel-linux-x86_64-fedora-clang 0.1 61.68 NOTE
r-devel-linux-x86_64-fedora-gcc 0.1 47.87 NOTE
r-devel-windows-x86_64 0.1 4.00 44.00 48.00 NOTE
r-devel-windows-x86_64-gcc10-UCRT 0.1 NOTE
r-patched-linux-x86_64 0.1 2.44 35.69 38.13 NOTE
r-patched-solaris-x86 0.1 76.90 NOTE
r-release-linux-x86_64 0.1 3.02 36.38 39.40 NOTE
r-release-macos-arm64 0.1 NOTE
r-release-macos-x86_64 0.1 NOTE
r-release-windows-ix86+x86_64 0.1 8.00 42.00 50.00 NOTE
r-oldrel-macos-x86_64 0.1 OK
r-oldrel-windows-ix86+x86_64 0.1 6.00 46.00 52.00 OK

Check Details

Version: 0.1
Check: LazyData
Result: NOTE
     'LazyData' is specified without a 'data' directory
Flavors: r-devel-linux-x86_64-debian-clang, r-devel-linux-x86_64-debian-gcc, r-devel-linux-x86_64-fedora-clang, r-devel-linux-x86_64-fedora-gcc, r-devel-windows-x86_64, r-devel-windows-x86_64-gcc10-UCRT, r-patched-linux-x86_64, r-patched-solaris-x86, r-release-linux-x86_64, r-release-macos-arm64, r-release-macos-x86_64, r-release-windows-ix86+x86_64