Last updated on 2024-03-27 23:59:46 CET.
Flavor | Version | Tinstall | Tcheck | Ttotal | Status | Flags |
---|---|---|---|---|---|---|
r-devel-linux-x86_64-debian-clang | 2.3.4 | 8.69 | 62.77 | 71.46 | OK | |
r-devel-linux-x86_64-debian-gcc | 2.3.4 | 6.92 | 49.05 | 55.97 | OK | |
r-devel-linux-x86_64-fedora-clang | 2.3.4 | 95.82 | OK | |||
r-devel-linux-x86_64-fedora-gcc | 2.3.4 | 103.82 | OK | |||
r-devel-windows-x86_64 | 2.3.4 | 29.00 | 85.00 | 114.00 | OK | |
r-patched-linux-x86_64 | 2.3.4 | 8.30 | 61.83 | 70.13 | OK | |
r-release-linux-x86_64 | 2.3.4 | 7.99 | 62.34 | 70.33 | OK | |
r-release-macos-arm64 | 2.3.4 | 57.00 | NOTE | |||
r-release-macos-x86_64 | 2.3.4 | 80.00 | NOTE | |||
r-release-windows-x86_64 | 2.3.4 | 32.00 | 87.00 | 119.00 | OK | |
r-oldrel-macos-arm64 | 2.3.4 | 42.00 | NOTE | |||
r-oldrel-windows-x86_64 | 2.3.4 | 21.00 | 88.00 | 109.00 | OK |
Version: 2.3.4
Check: installed package size
Result: NOTE
installed size is 7.1Mb
sub-directories of 1Mb or more:
libs 5.2Mb
Flavors: r-release-macos-arm64, r-release-macos-x86_64, r-oldrel-macos-arm64