CRAN Package Check Results for Package imagefluency

Last updated on 2021-09-22 13:07:03 CEST.

Flavor Version Tinstall Tcheck Ttotal Status Flags
r-devel-linux-x86_64-debian-clang 0.2.3 2.87 40.40 43.27 OK
r-devel-linux-x86_64-debian-gcc 0.2.3 2.48 31.18 33.66 OK
r-devel-linux-x86_64-fedora-clang 0.2.3 60.85 NOTE
r-devel-linux-x86_64-fedora-gcc 0.2.3 50.49 OK
r-devel-windows-x86_64 0.2.3 5.00 65.00 70.00 OK
r-devel-windows-x86_64-gcc10-UCRT 0.2.3 ERROR
r-patched-linux-x86_64 0.2.3 3.32 39.27 42.59 OK
r-patched-solaris-x86 0.2.3 81.50 OK
r-release-linux-x86_64 0.2.3 2.85 38.29 41.14 OK
r-release-macos-arm64 0.2.3 OK
r-release-macos-x86_64 0.2.3 OK
r-release-windows-ix86+x86_64 0.2.3 6.00 97.00 103.00 OK
r-oldrel-macos-x86_64 0.2.3 OK
r-oldrel-windows-ix86+x86_64 0.2.3 5.00 67.00 72.00 OK

Check Details

Version: 0.2.3
Check: Rd cross-references
Result: NOTE
    Undeclared packages ‘bmp’, ‘jpeg’, ‘png’, ‘tiff’ in Rd xrefs
Flavor: r-devel-linux-x86_64-fedora-clang

Version: 0.2.3
Check: package dependencies
Result: ERROR
    Packages required but not available: 'readbitmap', 'OpenImageR'
    
    See section 'The DESCRIPTION file' in the 'Writing R Extensions'
    manual.
Flavor: r-devel-windows-x86_64-gcc10-UCRT