CRAN Package Check Results for Package immcp

Last updated on 2021-10-26 04:27:17 CEST.

Flavor Version Tinstall Tcheck Ttotal Status Flags
r-devel-linux-x86_64-debian-clang 0.9.2 49.33 475.60 524.93 OK
r-devel-linux-x86_64-debian-gcc 0.9.2 40.88 367.32 408.20 OK
r-devel-linux-x86_64-fedora-clang 0.9.2 650.75 NOTE
r-devel-linux-x86_64-fedora-gcc 0.9.2 649.39 NOTE
r-devel-windows-x86_64 0.9.2 78.00 547.00 625.00 OK
r-devel-windows-x86_64-gcc10-UCRT 0.9.2 NOTE
r-patched-linux-x86_64 0.9.2 51.63 457.35 508.98 OK
r-patched-solaris-x86 0.9.2 793.60 NOTE
r-release-linux-x86_64 0.9.2 46.14 457.74 503.88 OK
r-release-macos-arm64 0.9.2 NOTE
r-release-macos-x86_64 0.9.2 ERROR
r-release-windows-ix86+x86_64 0.9.2 82.00 463.00 545.00 OK
r-oldrel-macos-x86_64 0.9.2 ERROR
r-oldrel-windows-ix86+x86_64 0.9.2 21.00 9.00 30.00 ERROR

Check Details

Version: 0.9.2
Check: dependencies in R code
Result: NOTE
    Namespaces in Imports field not imported from:
     ‘methods’ ‘reshape2’
     All declared Imports should be used.
Flavors: r-devel-linux-x86_64-fedora-clang, r-devel-linux-x86_64-fedora-gcc, r-devel-windows-x86_64-gcc10-UCRT, r-patched-solaris-x86, r-release-macos-arm64

Version: 0.9.2
Check: package dependencies
Result: ERROR
    Package required but not available: ‘clusterProfiler’
    
    See section ‘The DESCRIPTION file’ in the ‘Writing R Extensions’
    manual.
Flavors: r-release-macos-x86_64, r-oldrel-macos-x86_64

Version: 0.9.2
Check: whether package can be installed
Result: ERROR
    Installation failed.
Flavor: r-oldrel-windows-ix86+x86_64