Last updated on 2023-09-25 09:04:51 CEST.
Flavor | Version | Tinstall | Tcheck | Ttotal | Status | Flags |
---|---|---|---|---|---|---|
r-devel-linux-x86_64-debian-clang | 1.4-15 | 119.70 | 79.67 | 199.37 | OK | |
r-devel-linux-x86_64-debian-gcc | 1.4-15 | 84.42 | 60.57 | 144.99 | OK | |
r-devel-linux-x86_64-fedora-clang | 1.4-15 | 273.14 | OK | |||
r-devel-linux-x86_64-fedora-gcc | 1.4-15 | 273.88 | OK | |||
r-devel-windows-x86_64 | 1.4-15 | 91.00 | 107.00 | 198.00 | OK | |
r-patched-linux-x86_64 | 1.4-15 | 123.48 | 78.43 | 201.91 | OK | |
r-release-linux-x86_64 | 1.4-15 | 113.64 | 79.31 | 192.95 | OK | |
r-release-macos-arm64 | 1.4-15 | 69.00 | NOTE | |||
r-release-macos-x86_64 | 1.4-15 | 104.00 | OK | |||
r-release-windows-x86_64 | 1.4-15 | 114.00 | 114.00 | 228.00 | OK | |
r-oldrel-macos-arm64 | 1.4-15 | 70.00 | NOTE | |||
r-oldrel-macos-x86_64 | 1.4-15 | 85.00 | NOTE | |||
r-oldrel-windows-x86_64 | 1.4-15 | 103.00 | 119.00 | 222.00 | OK |
Version: 1.4-15
Check: installed package size
Result: NOTE
installed size is 5.0Mb
sub-directories of 1Mb or more:
libs 4.2Mb
Flavors: r-release-macos-arm64, r-oldrel-macos-arm64, r-oldrel-macos-x86_64